{"id":5441,"date":"2019-01-30T13:02:56","date_gmt":"2019-01-30T12:02:56","guid":{"rendered":"https:\/\/www.awo-jugendwerk-lsa.de\/awowp\/?post_type=tribe_events&#038;p=5441"},"modified":"2019-02-27T13:53:12","modified_gmt":"2019-02-27T12:53:12","slug":"klassismus-workshop-2","status":"publish","type":"tribe_events","link":"https:\/\/www.awo-jugendwerk-lsa.de\/awowp\/event\/klassismus-workshop-2\/","title":{"rendered":"KLASSISMUS-Workshop"},"content":{"rendered":"<p>Wenn von Rassismus und Sexismus die Rede ist k\u00f6nnen sich die meisten Menschen etwas darunter vorstellen. Als Diskriminierungsformen sind sie begrifflich hinl\u00e4nglich bekannt. Doch\u2026<\/p>\n<p><strong>Was ist denn eigentlich Klassismus?<\/strong><\/p>\n<p>Ein eher unbekannter \u201e-ismus\u201c ist Klassismus. Dieser hat nichts mit Klassizimus, einem Stil in Malerei und Architektur, zu tun. Es handelt sich um eine Diskriminierungsform aufgrund von sozialer Herkunft und sozialer Position, also der zugeh\u00f6rigen tats\u00e4chlichen oder zugeschriebenen vermeintlichen sozialen Klasse.<\/p>\n<p>Aber macht es in der heutigen Zeit \u00fcberhaupt noch Sinn von Klassen zu sprechen?<br \/>\nIst der Begriff nicht schon durch Schicht oder Milieu ersetzt wurden?<\/p>\n<p>Diese und weitere Fragen wollen wir mit euch im Workshop diskutieren. Dar\u00fcber hinaus wollen wir uns mit der Verwobenheit zwischen sozialer Herkunft und sozialer Position besch\u00e4ftigen, sowie mit den Unterdr\u00fcckungs- und Ausgrenzungsmechanismen, die damit verbunden sind.<\/p>\n<p><a href=\"https:\/\/www.awo-jugendwerk-lsa.de\/awowp\/wp-content\/uploads\/2018\/07\/color-3207345_1280.jpg\" rel=\"lightbox[5441]\"><img loading=\"lazy\" decoding=\"async\" class=\"aligncenter wp-image-5378\" src=\"https:\/\/www.awo-jugendwerk-lsa.de\/awowp\/wp-content\/uploads\/2018\/07\/color-3207345_1280-1024x682.jpg\" alt=\"\" width=\"550\" height=\"367\" srcset=\"https:\/\/www.awo-jugendwerk-lsa.de\/awowp\/wp-content\/uploads\/2018\/07\/color-3207345_1280-1024x682.jpg 1024w, https:\/\/www.awo-jugendwerk-lsa.de\/awowp\/wp-content\/uploads\/2018\/07\/color-3207345_1280-300x200.jpg 300w, https:\/\/www.awo-jugendwerk-lsa.de\/awowp\/wp-content\/uploads\/2018\/07\/color-3207345_1280-768x512.jpg 768w, https:\/\/www.awo-jugendwerk-lsa.de\/awowp\/wp-content\/uploads\/2018\/07\/color-3207345_1280.jpg 1280w\" sizes=\"auto, (max-width: 550px) 100vw, 550px\" \/><\/a><\/p>\n<p>&nbsp;<\/p>\n<p>&nbsp;<\/p>\n<p><strong>Wann:<\/strong><br \/>\n25.10. und 26.10.2019<br \/>\nStart 14.00 Uhr<br \/>\nEnde 18:00 Uhr<\/p>\n<p><strong>Wo genau?<br \/>\n<\/strong>Jugendherberge Halle<br \/>\nGro\u00dfe Steinstra\u00dfe 60<br \/>\n06108 Halle (Saale)<\/p>\n<p><strong>Teilnahmebeitrag:<br \/>\n<\/strong>10,00 Euro<\/p>\n<p><strong>Anmeldung<\/strong><br \/>\nDu kannst dich am besten per E-Mail<br \/>\nanmelden, gern aber auch per Fax, Post oder Telefon:<br \/>\nsachsen-anhalt@netzwerk-courage.de<br \/>\nTel: 0391-520 93 184<br \/>\nFax: 0391-727 28 992<\/p>\n<p>Nach Deiner Anmeldung bekommst Du von<br \/>\nuns per E-Mail eine Anmeldebest\u00e4tigung.<\/p>\n<p><strong>Folgende Fragen werden im Workshop bearbeitet:<\/strong><\/p>\n<p>&#8211; Was verbirgt sich hinter dem Begriff Klassismus?<br \/>\n&#8211; Was verstehen wir darunter?<br \/>\n&#8211; Wo sind die Urspr\u00fcnge zu verorten<br \/>\n&#8211; Auf welchen Ebenen wirkt Klassismus?<br \/>\n&#8211; Was hat meine eigene Biografie damit zu tun?<br \/>\n&#8211; Welche Zusammenh\u00e4nge gibt es zwischen \u00f6konomischen<br \/>\nRessourcen und Bildungschancen f\u00fcr junge Menschen? (Kapitaltheorie nach Bourdieu)<br \/>\n&#8211; Welche antiklassistischen Perspektiven und praktischen Handlungsm\u00f6glichkeiten gibt es?<\/p>\n<p>Wir m\u00f6chten schon vorab darauf hinweisen, dass Menschen mit unterschiedlichen Diskriminierungserfahrungen (auch aufgrund der zugeh\u00f6rigen oder zugeschriebenen Klasse) im Workshop zusammen kommen k\u00f6nnen.<\/p>\n<p>Aufgrund dieser Heterogenit\u00e4t m\u00f6chten wir bei den Teilnehmer*innen auf einen sensiblen Umgang in jeglicher Form hinweisen.<\/p>\n<p>Es soll ein barrierearmer Raum geschaffen werden, in dem Menschen sich \u00fcber ihre Erfahrungen austauschen und gemeinsam Erkenntnisse und Wissen generieren k\u00f6nnen<\/p>\n<p>&nbsp;<\/p>\n<p>Detaillierte Informationen kannst du dem <a href=\"https:\/\/www.awo-jugendwerk-lsa.de\/awowp\/wp-content\/uploads\/2019\/01\/FlyerKlassismus-Workshop-NDC-LJW.pdf\">FlyerKlassismus-Workshop NDC LJW<\/a> entnehmen.<\/p>\n","protected":false},"excerpt":{"rendered":"<p>Wenn von Rassismus und Sexismus die Rede ist k\u00f6nnen sich die meisten Menschen etwas darunter vorstellen. Als Diskriminierungsformen sind sie begrifflich hinl\u00e4nglich bekannt. Doch\u2026 Was ist denn eigentlich Klassismus? Ein eher unbekannter \u201e-ismus\u201c ist Klassismus. Dieser hat nichts mit Klassizimus, einem Stil in Malerei und Architektur, zu tun. Es handelt sich um eine Diskriminierungsform aufgrund <a class=\"more-link\" href=\"https:\/\/www.awo-jugendwerk-lsa.de\/awowp\/event\/klassismus-workshop-2\/\">weiterlesen&#8230;<\/a><\/p>\n","protected":false},"author":15,"featured_media":0,"template":"","meta":{"_EventAllDay":false,"_EventTimezone":"UTC+1","_EventStartDate":"2019-10-25 14:00:00","_EventEndDate":"2019-10-26 18:00:00","_EventStartDateUTC":"2019-10-25 13:00:00","_EventEndDateUTC":"2019-10-26 17:00:00","_EventShowMap":false,"_EventShowMapLink":false,"_EventURL":"","_EventCost":"","_EventCostDescription":"","_EventCurrencySymbol":"","_EventCurrencyCode":"","_EventCurrencyPosition":"suffix","_EventDateTimeSeparator":"","_EventTimeRangeSeparator":"","_EventOrganizerID":[],"_EventVenueID":[],"_OrganizerEmail":"","_OrganizerPhone":"","_OrganizerWebsite":"","_VenueAddress":"","_VenueCity":"","_VenueCountry":"","_VenueProvince":"","_VenueState":"","_VenueZip":"","_VenuePhone":"","_VenueURL":"","_VenueStateProvince":"","_VenueLat":"","_VenueLng":"","_VenueShowMap":false,"_VenueShowMapLink":false,"_tribe_events_status":"","_tribe_events_status_reason":"","footnotes":""},"tags":[],"tribe_events_cat":[],"class_list":["post-5441","tribe_events","type-tribe_events","status-publish","hentry"],"_links":{"self":[{"href":"https:\/\/www.awo-jugendwerk-lsa.de\/awowp\/wp-json\/wp\/v2\/tribe_events\/5441","targetHints":{"allow":["GET"]}}],"collection":[{"href":"https:\/\/www.awo-jugendwerk-lsa.de\/awowp\/wp-json\/wp\/v2\/tribe_events"}],"about":[{"href":"https:\/\/www.awo-jugendwerk-lsa.de\/awowp\/wp-json\/wp\/v2\/types\/tribe_events"}],"author":[{"embeddable":true,"href":"https:\/\/www.awo-jugendwerk-lsa.de\/awowp\/wp-json\/wp\/v2\/users\/15"}],"version-history":[{"count":3,"href":"https:\/\/www.awo-jugendwerk-lsa.de\/awowp\/wp-json\/wp\/v2\/tribe_events\/5441\/revisions"}],"predecessor-version":[{"id":5506,"href":"https:\/\/www.awo-jugendwerk-lsa.de\/awowp\/wp-json\/wp\/v2\/tribe_events\/5441\/revisions\/5506"}],"wp:attachment":[{"href":"https:\/\/www.awo-jugendwerk-lsa.de\/awowp\/wp-json\/wp\/v2\/media?parent=5441"}],"wp:term":[{"taxonomy":"post_tag","embeddable":true,"href":"https:\/\/www.awo-jugendwerk-lsa.de\/awowp\/wp-json\/wp\/v2\/tags?post=5441"},{"taxonomy":"tribe_events_cat","embeddable":true,"href":"https:\/\/www.awo-jugendwerk-lsa.de\/awowp\/wp-json\/wp\/v2\/tribe_events_cat?post=5441"}],"curies":[{"name":"wp","href":"https:\/\/api.w.org\/{rel}","templated":true}]}}

<p>Wenn von Rassismus und Sexismus die Rede ist können sich die meisten Menschen etwas darunter vorstellen. Als Diskriminierungsformen sind sie begrifflich hinlänglich bekannt. Doch…</p>
<p><strong>Was ist denn eigentlich Klassismus?</strong></p>
<p>Ein eher unbekannter „-ismus“ ist Klassismus. Dieser hat nichts mit Klassizimus, einem Stil in Malerei und Architektur, zu tun. Es handelt sich um eine Diskriminierungsform aufgrund von sozialer Herkunft und sozialer Position, also der zugehörigen tatsächlichen oder zugeschriebenen vermeintlichen sozialen Klasse.</p>
<p>Aber macht es in der heutigen Zeit überhaupt noch Sinn von Klassen zu sprechen?<br />
Ist der Begriff nicht schon durch Schicht oder Milieu ersetzt wurden?</p>
<p>Diese und weitere Fragen wollen wir mit euch im Workshop diskutieren. Darüber hinaus wollen wir uns mit der Verwobenheit zwischen sozialer Herkunft und sozialer Position beschäftigen, sowie mit den Unterdrückungs- und Ausgrenzungsmechanismen, die damit verbunden sind.</p>
<p><a href="https://www.awo-jugendwerk-lsa.de/awowp/wp-content/uploads/2018/07/color-3207345_1280.jpg" rel="lightbox[5441]"><img loading="lazy" decoding="async" class="aligncenter wp-image-5378" src="https://www.awo-jugendwerk-lsa.de/awowp/wp-content/uploads/2018/07/color-3207345_1280-1024x682.jpg" alt="" width="550" height="367" srcset="https://www.awo-jugendwerk-lsa.de/awowp/wp-content/uploads/2018/07/color-3207345_1280-1024x682.jpg 1024w, https://www.awo-jugendwerk-lsa.de/awowp/wp-content/uploads/2018/07/color-3207345_1280-300x200.jpg 300w, https://www.awo-jugendwerk-lsa.de/awowp/wp-content/uploads/2018/07/color-3207345_1280-768x512.jpg 768w, https://www.awo-jugendwerk-lsa.de/awowp/wp-content/uploads/2018/07/color-3207345_1280.jpg 1280w" sizes="auto, (max-width: 550px) 100vw, 550px" /></a></p>
<p>&nbsp;</p>
<p>&nbsp;</p>
<p><strong>Wann:</strong><br />
25.10. und 26.10.2019<br />
Start 14.00 Uhr<br />
Ende 18:00 Uhr</p>
<p><strong>Wo genau?<br />
</strong>Jugendherberge Halle<br />
Große Steinstraße 60<br />
06108 Halle (Saale)</p>
<p><strong>Teilnahmebeitrag:<br />
</strong>10,00 Euro</p>
<p><strong>Anmeldung</strong><br />
Du kannst dich am besten per E-Mail<br />
anmelden, gern aber auch per Fax, Post oder Telefon:<br />
sachsen-anhalt@netzwerk-courage.de<br />
Tel: 0391-520 93 184<br />
Fax: 0391-727 28 992</p>
<p>Nach Deiner Anmeldung bekommst Du von<br />
uns per E-Mail eine Anmeldebestätigung.</p>
<p><strong>Folgende Fragen werden im Workshop bearbeitet:</strong></p>
<p>&#8211; Was verbirgt sich hinter dem Begriff Klassismus?<br />
&#8211; Was verstehen wir darunter?<br />
&#8211; Wo sind die Ursprünge zu verorten<br />
&#8211; Auf welchen Ebenen wirkt Klassismus?<br />
&#8211; Was hat meine eigene Biografie damit zu tun?<br />
&#8211; Welche Zusammenhänge gibt es zwischen ökonomischen<br />
Ressourcen und Bildungschancen für junge Menschen? (Kapitaltheorie nach Bourdieu)<br />
&#8211; Welche antiklassistischen Perspektiven und praktischen Handlungsmöglichkeiten gibt es?</p>
<p>Wir möchten schon vorab darauf hinweisen, dass Menschen mit unterschiedlichen Diskriminierungserfahrungen (auch aufgrund der zugehörigen oder zugeschriebenen Klasse) im Workshop zusammen kommen können.</p>
<p>Aufgrund dieser Heterogenität möchten wir bei den Teilnehmer*innen auf einen sensiblen Umgang in jeglicher Form hinweisen.</p>
<p>Es soll ein barrierearmer Raum geschaffen werden, in dem Menschen sich über ihre Erfahrungen austauschen und gemeinsam Erkenntnisse und Wissen generieren können</p>
<p>&nbsp;</p>
<p>Detaillierte Informationen kannst du dem <a href="https://www.awo-jugendwerk-lsa.de/awowp/wp-content/uploads/2019/01/FlyerKlassismus-Workshop-NDC-LJW.pdf">FlyerKlassismus-Workshop NDC LJW</a> entnehmen.</p>

<p>Wenn von Rassismus und Sexismus die Rede ist können sich die meisten Menschen etwas darunter vorstellen. Als Diskriminierungsformen sind sie begrifflich hinlänglich bekannt. Doch… Was ist denn eigentlich Klassismus? Ein eher unbekannter „-ismus“ ist Klassismus. Dieser hat nichts mit Klassizimus, einem Stil in Malerei und Architektur, zu tun. Es handelt sich um eine Diskriminierungsform aufgrund <a class="more-link" href="https://www.awo-jugendwerk-lsa.de/awowp/event/klassismus-workshop-2/">weiterlesen&#8230;</a></p>
