{"id":5427,"date":"2019-01-28T09:52:49","date_gmt":"2019-01-28T08:52:49","guid":{"rendered":"https:\/\/www.awo-jugendwerk-lsa.de\/awowp\/?post_type=tribe_events&#038;p=5427"},"modified":"2019-03-22T11:55:07","modified_gmt":"2019-03-22T10:55:07","slug":"weiterbildung-naturpaedagogik-teil-1-fruehling","status":"publish","type":"tribe_events","link":"https:\/\/www.awo-jugendwerk-lsa.de\/awowp\/event\/weiterbildung-naturpaedagogik-teil-1-fruehling\/","title":{"rendered":"Weiterbildung Naturp\u00e4dagogik &#8211; Teil 1: Fr\u00fchling"},"content":{"rendered":"<p>Auch 2019 laden wir alle naturneugierigen Menschen recht herzlich ein den Spuren der jahreszeitlichen Qualit\u00e4ten durch die Natur zu folgen. Dabei werden wir uns in diesem Jahr im Fr\u00fchling &#8211; in der Zeit des Sprie\u00dfens und Wachsens ganz in diesem Sinne dem kleinen Pflanzenvolk widmen. Wir n\u00e4hern uns auf spielerische Weise voller Staunen dem frischen Gr\u00fcn, nehmen wahr, sp\u00fcren in die unb\u00e4ndige gr\u00fcne Kraft und kosten das gesunde Fr\u00fchlingskraut. Im Sommer, genau zur Zeit der Sommersonnenwende &#8211; der h\u00f6chsten Energie, machen wir uns auf zum Baumvolk. Wir erforschen das spannende Zusammenleben im Wald, gehen in direkten Kontakt zu den Baumwesen\u00a0 und\u00a0 lassen uns nieder im Schatten der Bl\u00e4tterd\u00e4cher, um den Baumgeschichten zu lauschen. Der Herbst wird uns zu den Tierwesen in unserer unmittelbaren Umgebung f\u00fchren. In dieser Zeit der Ernte und des Dankes gehen wir auf Entdeckungstour zu unseren tierischen Nachbarn. Auch wenn wir sie selbst nicht so einfach zu Gesicht bekommen, hinterlassen sie spannende Spuren, die es zu entdecken gilt.<\/p>\n<p>Die Zeit wird erf\u00fcllt sein mit einfachen und wirkungsvollen naturp\u00e4dagogischen Methoden ohne gro\u00dfen Materialaufwand, die gut in jede p\u00e4dagogische T\u00e4tigkeit integriert werden k\u00f6nnen. Dazu bietet das `Drau\u00dfen Sein\u00b4 f\u00fcr uns die M\u00f6glichkeiten im Spiegel der Natur unsere eigene p\u00e4dagogische Wirksamkeit zu reflektieren und vor allen Dingen auch bei sich selbst anzukommen, zu sp\u00fcren und zu entspannen.<\/p>\n<p>Die Reihe kann f\u00fcr einzelne Tage wie auch als Gesamtpaket gebucht werden. Thematisch sind die Seminartage f\u00fcr Neueinsteiger*innen wie auch f\u00fcr erfahrene Teilnehmer*innen geeignet. Die Teilnahmegeb\u00fchr betr\u00e4gt f\u00fcr den einzelnen Tag 35 Euro inkl. Verpflegung und Seminarunterlagen.<\/p>\n<p><strong>Der erste Teil der Fortbildungsreihe ist eine eint\u00e4gige Veranstaltung, die im April 2019 in Magdeburg stattfindet.<\/strong><\/p>\n<p><strong>Termin:<br \/>\n<\/strong>Freitag, 12. April 2019 Fr\u00fchling \u2013 Zu Besuch beim kleinen Pflanzenvolk<\/p>\n<p><strong>Folgetermine:<br \/>\n<\/strong>Freitag,\u00a0 21. Juni 2019 Sommer \u2013 Zu Besuch bei den Baumwesen<br \/>\nFreitag, 18. Oktober 2019 Herbst \u2013 Zu Besuch bei unseren tierischen Nachbarn<\/p>\n<p><strong>Ort:<br \/>\n<\/strong>Herrenkrugpark, Magdeburg<strong><br \/>\n<\/strong><\/p>\n<p><strong>Teilnahmegeb\u00fchr:<\/strong><br \/>\nDie Teilnahmegeb\u00fchr f\u00fcr den ersten Workshop am 12.4.2019 liegt bei 35,00 \u20ac inkl. Verpflegung und Seminarunterlagen.<\/p>\n<p><strong>Referentin:<br \/>\n<\/strong>Kathrin Geissler &#8211; leidenschaftliche Drau\u00dfenSeierin<br \/>\nWILDes Sein &#8211; Natur- und Pers\u00f6nlichkeitsbildung<\/p>\n<p>Genauere Informationen k\u00f6nnen dem <a href=\"https:\/\/www.awo-jugendwerk-lsa.de\/awowp\/wp-content\/uploads\/2019\/03\/Flyer-Naturp\u00e4dagogik-2019.pdf\">Flyer Naturp\u00e4dagogik 2019<\/a> entnommen werden.<\/p>\n<p>&nbsp;<\/p>\n<p><a href=\"https:\/\/www.awo-jugendwerk-lsa.de\/awowp\/kontakt-veranstaltung\/\" target=\"_blank\" rel=\"noopener noreferrer\"><img loading=\"lazy\" decoding=\"async\" class=\"aligncenter size-full wp-image-4016\" src=\"https:\/\/www.awo-jugendwerk-lsa.de\/awowp\/wp-content\/uploads\/2014\/11\/anmelden.jpg\" alt=\"\" width=\"100\" height=\"25\" \/><\/a><\/p>\n","protected":false},"excerpt":{"rendered":"<p>Auch 2019 laden wir alle naturneugierigen Menschen recht herzlich ein den Spuren der jahreszeitlichen Qualit\u00e4ten durch die Natur zu folgen. Dabei werden wir uns in diesem Jahr im Fr\u00fchling &#8211; in der Zeit des Sprie\u00dfens und Wachsens ganz in diesem Sinne dem kleinen Pflanzenvolk widmen. Wir n\u00e4hern uns auf spielerische Weise voller Staunen dem frischen <a class=\"more-link\" href=\"https:\/\/www.awo-jugendwerk-lsa.de\/awowp\/event\/weiterbildung-naturpaedagogik-teil-1-fruehling\/\">weiterlesen&#8230;<\/a><\/p>\n","protected":false},"author":15,"featured_media":0,"template":"","meta":{"_EventAllDay":false,"_EventTimezone":"UTC+1","_EventStartDate":"2019-04-12 09:00:00","_EventEndDate":"2019-04-12 16:00:00","_EventStartDateUTC":"2019-04-12 08:00:00","_EventEndDateUTC":"2019-04-12 15:00:00","_EventShowMap":false,"_EventShowMapLink":false,"_EventURL":"","_EventCost":"","_EventCostDescription":"","_EventCurrencySymbol":"","_EventCurrencyCode":"","_EventCurrencyPosition":"suffix","_EventDateTimeSeparator":"","_EventTimeRangeSeparator":"","_EventOrganizerID":[],"_EventVenueID":[],"_OrganizerEmail":"","_OrganizerPhone":"","_OrganizerWebsite":"","_VenueAddress":"","_VenueCity":"","_VenueCountry":"","_VenueProvince":"","_VenueState":"","_VenueZip":"","_VenuePhone":"","_VenueURL":"","_VenueStateProvince":"","_VenueLat":"","_VenueLng":"","_VenueShowMap":false,"_VenueShowMapLink":false,"_tribe_events_status":"","_tribe_events_status_reason":"","footnotes":""},"tags":[],"tribe_events_cat":[],"class_list":["post-5427","tribe_events","type-tribe_events","status-publish","hentry"],"_links":{"self":[{"href":"https:\/\/www.awo-jugendwerk-lsa.de\/awowp\/wp-json\/wp\/v2\/tribe_events\/5427","targetHints":{"allow":["GET"]}}],"collection":[{"href":"https:\/\/www.awo-jugendwerk-lsa.de\/awowp\/wp-json\/wp\/v2\/tribe_events"}],"about":[{"href":"https:\/\/www.awo-jugendwerk-lsa.de\/awowp\/wp-json\/wp\/v2\/types\/tribe_events"}],"author":[{"embeddable":true,"href":"https:\/\/www.awo-jugendwerk-lsa.de\/awowp\/wp-json\/wp\/v2\/users\/15"}],"version-history":[{"count":6,"href":"https:\/\/www.awo-jugendwerk-lsa.de\/awowp\/wp-json\/wp\/v2\/tribe_events\/5427\/revisions"}],"predecessor-version":[{"id":5549,"href":"https:\/\/www.awo-jugendwerk-lsa.de\/awowp\/wp-json\/wp\/v2\/tribe_events\/5427\/revisions\/5549"}],"wp:attachment":[{"href":"https:\/\/www.awo-jugendwerk-lsa.de\/awowp\/wp-json\/wp\/v2\/media?parent=5427"}],"wp:term":[{"taxonomy":"post_tag","embeddable":true,"href":"https:\/\/www.awo-jugendwerk-lsa.de\/awowp\/wp-json\/wp\/v2\/tags?post=5427"},{"taxonomy":"tribe_events_cat","embeddable":true,"href":"https:\/\/www.awo-jugendwerk-lsa.de\/awowp\/wp-json\/wp\/v2\/tribe_events_cat?post=5427"}],"curies":[{"name":"wp","href":"https:\/\/api.w.org\/{rel}","templated":true}]}}

Weiterbildung Naturpädagogik &#8211; Teil 1: Frühling

<p>Auch 2019 laden wir alle naturneugierigen Menschen recht herzlich ein den Spuren der jahreszeitlichen Qualitäten durch die Natur zu folgen. Dabei werden wir uns in diesem Jahr im Frühling &#8211; in der Zeit des Sprießens und Wachsens ganz in diesem Sinne dem kleinen Pflanzenvolk widmen. Wir nähern uns auf spielerische Weise voller Staunen dem frischen Grün, nehmen wahr, spüren in die unbändige grüne Kraft und kosten das gesunde Frühlingskraut. Im Sommer, genau zur Zeit der Sommersonnenwende &#8211; der höchsten Energie, machen wir uns auf zum Baumvolk. Wir erforschen das spannende Zusammenleben im Wald, gehen in direkten Kontakt zu den Baumwesen  und  lassen uns nieder im Schatten der Blätterdächer, um den Baumgeschichten zu lauschen. Der Herbst wird uns zu den Tierwesen in unserer unmittelbaren Umgebung führen. In dieser Zeit der Ernte und des Dankes gehen wir auf Entdeckungstour zu unseren tierischen Nachbarn. Auch wenn wir sie selbst nicht so einfach zu Gesicht bekommen, hinterlassen sie spannende Spuren, die es zu entdecken gilt.</p>
<p>Die Zeit wird erfüllt sein mit einfachen und wirkungsvollen naturpädagogischen Methoden ohne großen Materialaufwand, die gut in jede pädagogische Tätigkeit integriert werden können. Dazu bietet das `Draußen Sein´ für uns die Möglichkeiten im Spiegel der Natur unsere eigene pädagogische Wirksamkeit zu reflektieren und vor allen Dingen auch bei sich selbst anzukommen, zu spüren und zu entspannen.</p>
<p>Die Reihe kann für einzelne Tage wie auch als Gesamtpaket gebucht werden. Thematisch sind die Seminartage für Neueinsteiger*innen wie auch für erfahrene Teilnehmer*innen geeignet. Die Teilnahmegebühr beträgt für den einzelnen Tag 35 Euro inkl. Verpflegung und Seminarunterlagen.</p>
<p><strong>Der erste Teil der Fortbildungsreihe ist eine eintägige Veranstaltung, die im April 2019 in Magdeburg stattfindet.</strong></p>
<p><strong>Termin:<br />
</strong>Freitag, 12. April 2019 Frühling – Zu Besuch beim kleinen Pflanzenvolk</p>
<p><strong>Folgetermine:<br />
</strong>Freitag,  21. Juni 2019 Sommer – Zu Besuch bei den Baumwesen<br />
Freitag, 18. Oktober 2019 Herbst – Zu Besuch bei unseren tierischen Nachbarn</p>
<p><strong>Ort:<br />
</strong>Herrenkrugpark, Magdeburg<strong><br />
</strong></p>
<p><strong>Teilnahmegebühr:</strong><br />
Die Teilnahmegebühr für den ersten Workshop am 12.4.2019 liegt bei 35,00 € inkl. Verpflegung und Seminarunterlagen.</p>
<p><strong>Referentin:<br />
</strong>Kathrin Geissler &#8211; leidenschaftliche DraußenSeierin<br />
WILDes Sein &#8211; Natur- und Persönlichkeitsbildung</p>
<p>Genauere Informationen können dem <a href="https://www.awo-jugendwerk-lsa.de/awowp/wp-content/uploads/2019/03/Flyer-Naturpädagogik-2019.pdf">Flyer Naturpädagogik 2019</a> entnommen werden.</p>
<p>&nbsp;</p>
<p><a href="https://www.awo-jugendwerk-lsa.de/awowp/kontakt-veranstaltung/" target="_blank" rel="noopener noreferrer"><img loading="lazy" decoding="async" class="aligncenter size-full wp-image-4016" src="https://www.awo-jugendwerk-lsa.de/awowp/wp-content/uploads/2014/11/anmelden.jpg" alt="" width="100" height="25" /></a></p>

<p>Auch 2019 laden wir alle naturneugierigen Menschen recht herzlich ein den Spuren der jahreszeitlichen Qualitäten durch die Natur zu folgen. Dabei werden wir uns in diesem Jahr im Frühling &#8211; in der Zeit des Sprießens und Wachsens ganz in diesem Sinne dem kleinen Pflanzenvolk widmen. Wir nähern uns auf spielerische Weise voller Staunen dem frischen <a class="more-link" href="https://www.awo-jugendwerk-lsa.de/awowp/event/weiterbildung-naturpaedagogik-teil-1-fruehling/">weiterlesen&#8230;</a></p>
