{"id":4058,"date":"2015-03-16T16:00:05","date_gmt":"2015-03-16T15:00:05","guid":{"rendered":"http:\/\/www.awo-jugendwerk-lsa.de\/awowp\/?post_type=tribe_events&#038;p=4058"},"modified":"2015-03-16T16:00:05","modified_gmt":"2015-03-16T15:00:05","slug":"abenteuer-und-erlebniswoche-in-kamern","status":"publish","type":"tribe_events","link":"https:\/\/www.awo-jugendwerk-lsa.de\/awowp\/event\/abenteuer-und-erlebniswoche-in-kamern\/","title":{"rendered":"Abenteuer &#8211; und Erlebniswoche in Kamern"},"content":{"rendered":"<p><strong>Du hast in den Sommerferien noch nichts vor und m\u00f6chtest neue Leute kennenlernen und etwas erleben?<\/strong><\/p>\n<p><strong>Du m\u00f6chtest wissen, welche St\u00e4rken du hast und wann du an deine Grenzen st\u00f6\u00dft?<\/strong><\/p>\n<p><strong>Dann bist du hier genau richtig, hier kannst du: <\/strong><br \/>\n<strong>&#8211; eine traumhafte Tour im Kanu erleben<\/strong><br \/>\n<strong>&#8211;\u00a0 in der Natur rund um die Havel spannende Abenteuer erleben<\/strong><br \/>\n<strong>&#8211; gemeinsam auf Nachtwanderung <\/strong><strong>gehen<\/strong><br \/>\n<strong>&#8211; gem\u00fctlich am Lagerfeuer sitzen und den Sternenhimmel beobachten<\/strong><br \/>\n<strong>&#8211; gemeinsam ein Flo\u00df bauen und ausprobieren<\/strong><br \/>\n<strong>&#8211; quatschen und Quatsch machen<\/strong><br \/>\n<strong>&#8211; T-Shirts mit eigenen Motiven bedrucken<\/strong><br \/>\n<strong>&#8211; Kreativ sein und Buttons herstellen<\/strong><br \/>\n<strong>&#8211; dich mit deinen Tr\u00e4umen und W\u00fcnschen auseinandersetzen<\/strong><br \/>\n<strong>&#8211; witzige und coole Leute kennenlernen<\/strong><br \/>\n<strong>&#8211; gemeinsam die Freizeit gestalten<\/strong><\/p>\n<p><strong>und vieles mehr &#8230;<\/strong><\/p>\n<p>Hier findest du unseren aktuellen Flyer:<br \/>\n<a href=\"https:\/\/www.awo-jugendwerk-lsa.de\/awowp\/wp-content\/uploads\/2015\/03\/Flyer-Kamern-2015.pdf\">Flyer Kamern 2015<\/a><\/p>\n<p>&nbsp;<\/p>\n","protected":false},"excerpt":{"rendered":"<p>Abenteuer- und Erlebniswoche 2015 <a class=\"more-link\" href=\"https:\/\/www.awo-jugendwerk-lsa.de\/awowp\/event\/abenteuer-und-erlebniswoche-in-kamern\/\">weiterlesen&#8230;<\/a><\/p>\n","protected":false},"author":15,"featured_media":0,"template":"","meta":{"_EventAllDay":true,"_EventTimezone":"","_EventStartDate":"2015-07-12 06:00:00","_EventEndDate":"2015-07-18 05:59:59","_EventStartDateUTC":"","_EventEndDateUTC":"","_EventShowMap":false,"_EventShowMapLink":false,"_EventURL":"","_EventCost":"","_EventCostDescription":"","_EventCurrencySymbol":"\u20ac","_EventCurrencyCode":"","_EventCurrencyPosition":"suffix","_EventDateTimeSeparator":"","_EventTimeRangeSeparator":"","_EventOrganizerID":[0],"_EventVenueID":[0],"_OrganizerEmail":"","_OrganizerPhone":"","_OrganizerWebsite":"","_VenueAddress":"","_VenueCity":"","_VenueCountry":"","_VenueProvince":"","_VenueState":"","_VenueZip":"","_VenuePhone":"","_VenueURL":"","_VenueStateProvince":"","_VenueLat":"","_VenueLng":"","_VenueShowMap":false,"_VenueShowMapLink":false,"_tribe_events_status":"","_tribe_events_status_reason":"","footnotes":""},"tags":[],"tribe_events_cat":[],"class_list":["post-4058","tribe_events","type-tribe_events","status-publish","hentry"],"_links":{"self":[{"href":"https:\/\/www.awo-jugendwerk-lsa.de\/awowp\/wp-json\/wp\/v2\/tribe_events\/4058","targetHints":{"allow":["GET"]}}],"collection":[{"href":"https:\/\/www.awo-jugendwerk-lsa.de\/awowp\/wp-json\/wp\/v2\/tribe_events"}],"about":[{"href":"https:\/\/www.awo-jugendwerk-lsa.de\/awowp\/wp-json\/wp\/v2\/types\/tribe_events"}],"author":[{"embeddable":true,"href":"https:\/\/www.awo-jugendwerk-lsa.de\/awowp\/wp-json\/wp\/v2\/users\/15"}],"version-history":[{"count":0,"href":"https:\/\/www.awo-jugendwerk-lsa.de\/awowp\/wp-json\/wp\/v2\/tribe_events\/4058\/revisions"}],"wp:attachment":[{"href":"https:\/\/www.awo-jugendwerk-lsa.de\/awowp\/wp-json\/wp\/v2\/media?parent=4058"}],"wp:term":[{"taxonomy":"post_tag","embeddable":true,"href":"https:\/\/www.awo-jugendwerk-lsa.de\/awowp\/wp-json\/wp\/v2\/tags?post=4058"},{"taxonomy":"tribe_events_cat","embeddable":true,"href":"https:\/\/www.awo-jugendwerk-lsa.de\/awowp\/wp-json\/wp\/v2\/tribe_events_cat?post=4058"}],"curies":[{"name":"wp","href":"https:\/\/api.w.org\/{rel}","templated":true}]}}

<p><strong>Du hast in den Sommerferien noch nichts vor und möchtest neue Leute kennenlernen und etwas erleben?</strong></p>
<p><strong>Du möchtest wissen, welche Stärken du hast und wann du an deine Grenzen stößt?</strong></p>
<p><strong>Dann bist du hier genau richtig, hier kannst du: </strong><br />
<strong>&#8211; eine traumhafte Tour im Kanu erleben</strong><br />
<strong>&#8211;  in der Natur rund um die Havel spannende Abenteuer erleben</strong><br />
<strong>&#8211; gemeinsam auf Nachtwanderung </strong><strong>gehen</strong><br />
<strong>&#8211; gemütlich am Lagerfeuer sitzen und den Sternenhimmel beobachten</strong><br />
<strong>&#8211; gemeinsam ein Floß bauen und ausprobieren</strong><br />
<strong>&#8211; quatschen und Quatsch machen</strong><br />
<strong>&#8211; T-Shirts mit eigenen Motiven bedrucken</strong><br />
<strong>&#8211; Kreativ sein und Buttons herstellen</strong><br />
<strong>&#8211; dich mit deinen Träumen und Wünschen auseinandersetzen</strong><br />
<strong>&#8211; witzige und coole Leute kennenlernen</strong><br />
<strong>&#8211; gemeinsam die Freizeit gestalten</strong></p>
<p><strong>und vieles mehr &#8230;</strong></p>
<p>Hier findest du unseren aktuellen Flyer:<br />
<a href="https://www.awo-jugendwerk-lsa.de/awowp/wp-content/uploads/2015/03/Flyer-Kamern-2015.pdf">Flyer Kamern 2015</a></p>
<p>&nbsp;</p>
