{"id":4008,"date":"2014-09-22T11:42:36","date_gmt":"2014-09-22T10:42:36","guid":{"rendered":"http:\/\/www.awo-jugendwerk-lsa.de\/awowp\/?post_type=tribe_events&#038;p=4008"},"modified":"2014-09-22T11:48:24","modified_gmt":"2014-09-22T10:48:24","slug":"erlebnis-und-kreativwoche-im-herbst","status":"publish","type":"tribe_events","link":"https:\/\/www.awo-jugendwerk-lsa.de\/awowp\/event\/erlebnis-und-kreativwoche-im-herbst\/","title":{"rendered":"Erlebnis- und Kreativwoche im Herbst"},"content":{"rendered":"<p><span style=\"font-size: medium;\"><strong><span style=\"color: #000000;\">Erlebnis- und Kreativwoche<\/span><\/strong><\/span><\/p>\n<p>Du wolltest deine Ferien schon immer mal auf einem alten Schloss verbringen?<\/p>\n<p>Du m\u00f6chtest neue Leute kennen lernen und etwas erleben?<\/p>\n<p>Du m\u00f6chtest wissen, welche St\u00e4rken du hast und wann du an deine Grenzen st\u00f6\u00dft?<\/p>\n<p>Dann bist du hier genau richtig!<\/p>\n<p>Wann: In den Herbstferien vom 26. &#8211; 30. Oktober 2014.<\/p>\n<p>Wo: Schloss Hundisburg &#8211; Unterbringung in der Schlossherberge<\/p>\n<p>Wer: Kinder und Jugendliche zwischen 11 und 16 Jahren<\/p>\n<p>Den aktuellen <a href=\"https:\/\/www.awo-jugendwerk-lsa.de\/awowp\/wp-content\/uploads\/2014\/09\/Flyer-Hundisburg2014.pdf\">Flyer<\/a> findest du hier.<\/p>\n<p>&nbsp;<\/p>\n<p>&nbsp;<\/p>\n","protected":false},"excerpt":{"rendered":"<p>Eine spannende Woche voller Abenteuer und Spass warten auf dich. <a class=\"more-link\" href=\"https:\/\/www.awo-jugendwerk-lsa.de\/awowp\/event\/erlebnis-und-kreativwoche-im-herbst\/\">weiterlesen&#8230;<\/a><\/p>\n","protected":false},"author":15,"featured_media":0,"template":"","meta":{"_EventAllDay":true,"_EventTimezone":"","_EventStartDate":"2014-10-26 06:00:00","_EventEndDate":"2014-10-31 05:59:59","_EventStartDateUTC":"","_EventEndDateUTC":"","_EventShowMap":false,"_EventShowMapLink":false,"_EventURL":"","_EventCost":"","_EventCostDescription":"","_EventCurrencySymbol":"\u20ac","_EventCurrencyCode":"","_EventCurrencyPosition":"suffix","_EventDateTimeSeparator":"","_EventTimeRangeSeparator":"","_EventOrganizerID":[0],"_EventVenueID":[4012],"_OrganizerEmail":"","_OrganizerPhone":"","_OrganizerWebsite":"","_VenueAddress":"","_VenueCity":"","_VenueCountry":"","_VenueProvince":"","_VenueState":"","_VenueZip":"","_VenuePhone":"","_VenueURL":"","_VenueStateProvince":"","_VenueLat":"","_VenueLng":"","_VenueShowMap":false,"_VenueShowMapLink":false,"_tribe_events_status":"","_tribe_events_status_reason":"","footnotes":""},"tags":[],"tribe_events_cat":[],"class_list":["post-4008","tribe_events","type-tribe_events","status-publish","hentry"],"_links":{"self":[{"href":"https:\/\/www.awo-jugendwerk-lsa.de\/awowp\/wp-json\/wp\/v2\/tribe_events\/4008","targetHints":{"allow":["GET"]}}],"collection":[{"href":"https:\/\/www.awo-jugendwerk-lsa.de\/awowp\/wp-json\/wp\/v2\/tribe_events"}],"about":[{"href":"https:\/\/www.awo-jugendwerk-lsa.de\/awowp\/wp-json\/wp\/v2\/types\/tribe_events"}],"author":[{"embeddable":true,"href":"https:\/\/www.awo-jugendwerk-lsa.de\/awowp\/wp-json\/wp\/v2\/users\/15"}],"version-history":[{"count":1,"href":"https:\/\/www.awo-jugendwerk-lsa.de\/awowp\/wp-json\/wp\/v2\/tribe_events\/4008\/revisions"}],"predecessor-version":[{"id":4011,"href":"https:\/\/www.awo-jugendwerk-lsa.de\/awowp\/wp-json\/wp\/v2\/tribe_events\/4008\/revisions\/4011"}],"wp:attachment":[{"href":"https:\/\/www.awo-jugendwerk-lsa.de\/awowp\/wp-json\/wp\/v2\/media?parent=4008"}],"wp:term":[{"taxonomy":"post_tag","embeddable":true,"href":"https:\/\/www.awo-jugendwerk-lsa.de\/awowp\/wp-json\/wp\/v2\/tags?post=4008"},{"taxonomy":"tribe_events_cat","embeddable":true,"href":"https:\/\/www.awo-jugendwerk-lsa.de\/awowp\/wp-json\/wp\/v2\/tribe_events_cat?post=4008"}],"curies":[{"name":"wp","href":"https:\/\/api.w.org\/{rel}","templated":true}]}}

<p><span style="font-size: medium;"><strong><span style="color: #000000;">Erlebnis- und Kreativwoche</span></strong></span></p>
<p>Du wolltest deine Ferien schon immer mal auf einem alten Schloss verbringen?</p>
<p>Du möchtest neue Leute kennen lernen und etwas erleben?</p>
<p>Du möchtest wissen, welche Stärken du hast und wann du an deine Grenzen stößt?</p>
<p>Dann bist du hier genau richtig!</p>
<p>Wann: In den Herbstferien vom 26. &#8211; 30. Oktober 2014.</p>
<p>Wo: Schloss Hundisburg &#8211; Unterbringung in der Schlossherberge</p>
<p>Wer: Kinder und Jugendliche zwischen 11 und 16 Jahren</p>
<p>Den aktuellen <a href="https://www.awo-jugendwerk-lsa.de/awowp/wp-content/uploads/2014/09/Flyer-Hundisburg2014.pdf">Flyer</a> findest du hier.</p>
<p>&nbsp;</p>
<p>&nbsp;</p>
