{"id":7818,"date":"2025-03-11T11:40:24","date_gmt":"2025-03-11T10:40:24","guid":{"rendered":"https:\/\/www.awo-jugendwerk-lsa.de\/awowp\/?page_id=7818"},"modified":"2025-03-11T13:18:01","modified_gmt":"2025-03-11T12:18:01","slug":"streetwork-burg-2","status":"publish","type":"page","link":"https:\/\/www.awo-jugendwerk-lsa.de\/awowp\/streetwork-burg-2\/","title":{"rendered":"Streetwork Burg"},"content":{"rendered":"\n<p><\/p>\n\n\n\n<div class=\"wp-block-group\"><div class=\"wp-block-group__inner-container is-layout-constrained wp-block-group-is-layout-constrained\">\n<div class=\"wp-block-group\"><div class=\"wp-block-group__inner-container is-layout-constrained wp-block-group-is-layout-constrained\"><div class=\"wp-block-image\">\n<figure class=\"alignright size-large is-resized\"><a href=\"https:\/\/www.awo-jugendwerk-lsa.de\/awowp\/wp-content\/uploads\/2025\/03\/Bild-Gordon.jpeg\" rel=\"lightbox[7818]\"><img loading=\"lazy\" decoding=\"async\" width=\"1024\" height=\"684\" src=\"https:\/\/www.awo-jugendwerk-lsa.de\/awowp\/wp-content\/uploads\/2025\/03\/Bild-Gordon-1024x684.jpeg\" alt=\"\" class=\"wp-image-7819\" style=\"width:404px;height:auto\" srcset=\"https:\/\/www.awo-jugendwerk-lsa.de\/awowp\/wp-content\/uploads\/2025\/03\/Bild-Gordon-1024x684.jpeg 1024w, https:\/\/www.awo-jugendwerk-lsa.de\/awowp\/wp-content\/uploads\/2025\/03\/Bild-Gordon-300x200.jpeg 300w, https:\/\/www.awo-jugendwerk-lsa.de\/awowp\/wp-content\/uploads\/2025\/03\/Bild-Gordon-768x513.jpeg 768w, https:\/\/www.awo-jugendwerk-lsa.de\/awowp\/wp-content\/uploads\/2025\/03\/Bild-Gordon-1536x1027.jpeg 1536w, https:\/\/www.awo-jugendwerk-lsa.de\/awowp\/wp-content\/uploads\/2025\/03\/Bild-Gordon-24x16.jpeg 24w, https:\/\/www.awo-jugendwerk-lsa.de\/awowp\/wp-content\/uploads\/2025\/03\/Bild-Gordon-36x24.jpeg 36w, https:\/\/www.awo-jugendwerk-lsa.de\/awowp\/wp-content\/uploads\/2025\/03\/Bild-Gordon-48x32.jpeg 48w, https:\/\/www.awo-jugendwerk-lsa.de\/awowp\/wp-content\/uploads\/2025\/03\/Bild-Gordon.jpeg 1616w\" sizes=\"auto, (max-width: 1024px) 100vw, 1024px\" \/><\/a><\/figure>\n<\/div><\/div><\/div>\n\n\n\n<div class=\"wp-block-group\"><div class=\"wp-block-group__inner-container is-layout-constrained wp-block-group-is-layout-constrained\">\n<p><strong>Kontaktdaten:<\/strong><\/p>\n\n\n\n<p><strong>Name:<\/strong>&nbsp;Gordon Bothur \u2013 BA Soziale Arbeit<\/p>\n\n\n\n<p><strong>E-Mail:<\/strong>&nbsp;<a href=\"mailto:G.Bothur@AWO-Jugendwerk-LSA.de\">G.Bothur@AWO-Jugendwerk-LSA.de<\/a><\/p>\n\n\n\n<p><strong>Telefon:<\/strong>&nbsp;0157 31145488<\/p>\n\n\n\n<p><strong>B\u00fcroadresse:<\/strong>&nbsp;Magdeburger Stra\u00dfe 4a, 39288 Burg<\/p>\n\n\n\n<p><strong>Sprechzeiten:<\/strong>&nbsp;Nach Vereinbarung<\/p>\n\n\n\n<p><strong>Tr\u00e4gerschaft:<\/strong>&nbsp;Landesjugendwerk der AWO Sachsen-Anhalt e.V., Sch\u00f6nebecker Stra\u00dfe 82-84, 39104 Magdeburg<\/p>\n<\/div><\/div>\n\n\n\n<p>&nbsp;<\/p>\n<\/div><\/div>\n\n\n\n<div class=\"wp-block-group\"><div class=\"wp-block-group__inner-container is-layout-constrained wp-block-group-is-layout-constrained\">\n<div class=\"wp-block-group\"><div class=\"wp-block-group__inner-container is-layout-constrained wp-block-group-is-layout-constrained\">\n<h2 class=\"wp-block-heading has-black-color has-text-color has-link-color wp-elements-6eabf0571b009e8497737c1b835ed7c5\"><strong>P\u00e4dagogische Grunds\u00e4tze<\/strong><\/h2>\n\n\n\n<ul class=\"wp-block-list has-black-color has-text-color has-link-color wp-elements-a0422925fae3a47d3189e8627b8fdf41\">\n<li>\u201eIch bin kein Probleml\u00f6ser, sondern L\u00f6sungswegbegleiter.\u201c -&gt; Gemeinsam finden wir eine L\u00f6sung f\u00fcr Deine pers\u00f6nliche Herausforderung!<\/li>\n\n\n\n<li>Offenheit<\/li>\n\n\n\n<li class=\"has-black-color has-text-color has-link-color wp-elements-07261cfc3713a0ff2b5fd5149e65287c\">Freiwilligkeit<\/li>\n\n\n\n<li>Partizipation<\/li>\n\n\n\n<li>Parteilichkeit<\/li>\n\n\n\n<li>Bed\u00fcrfnis-, Lebenswelt- und Alltagsorientierung<\/li>\n\n\n\n<li>Kontinuit\u00e4t und Verbindlichkeit<\/li>\n<\/ul>\n<\/div><\/div>\n<\/div><\/div>\n\n\n\n<p><\/p>\n\n\n\n<div style=\"height:50px\" aria-hidden=\"true\" class=\"wp-block-spacer\"><\/div>\n\n\n\n<h2 class=\"wp-block-heading\"><strong>Arbeitsschwerpunkte:<\/strong><\/h2>\n\n\n\n<p><strong>Stra\u00dfenpr\u00e4senz<\/strong><\/p>\n\n\n\n<ul class=\"wp-block-list\">\n<li>Kontaktaufnahme durch kontinuierliches und gezieltes Aufsuchen im \u00f6ffentlichen Raum<\/li>\n\n\n\n<li>Aufbau einer vertraulichen sowie belastbaren Beziehung<\/li>\n<\/ul>\n\n\n\n<p><strong>Einzelfallhilfe<\/strong><\/p>\n\n\n\n<ul class=\"wp-block-list\">\n<li>Beratung und Unterst\u00fctzung bei individuellen Problemlagen (z.B. Konflikte in der Familie, Gruppen, Schule oder weiteren Institutionen, Ausbildungs- oder Arbeitssuche, Rauschmittelkonsum, Schulden, Straff\u00e4lligkeit\u2026)<\/li>\n\n\n\n<li>Begleitung und Unterst\u00fctzung bei Beh\u00f6rdeng\u00e4ngen sowie Vermittlung in weiterf\u00fchrende Hilfen<\/li>\n<\/ul>\n\n\n\n<p><strong>Gruppenangebote<\/strong><\/p>\n\n\n\n<ul class=\"wp-block-list\">\n<li>Niedrigschwellige Angebote der Projekt- und Bildungsarbeit (z.B. erlebnis- oder kulturp\u00e4dagogische Angebote, Ausfl\u00fcge, sowie Ferienfahrten)<\/li>\n\n\n\n<li>Unterst\u00fctzung bei der Organisation und Durchf\u00fchrung von Freizeitaktivit\u00e4ten<\/li>\n<\/ul>\n\n\n\n<div style=\"height:50px\" aria-hidden=\"true\" class=\"wp-block-spacer\"><\/div>\n\n\n\n<h2 class=\"wp-block-heading\"><strong>Zielgruppen:<\/strong><\/h2>\n\n\n\n<p>Jugendliche und junge Erwachsene im Alter zwischen 14-27 Jahren<\/p>\n\n\n\n<p><strong>Zielstellung:&nbsp;<\/strong><\/p>\n\n\n\n<ul class=\"wp-block-list\">\n<li>F\u00f6rderung der Teilhabe an der Gemeinschaft und am kulturellen Leben, soziale Integration sowie von F\u00f6rderung von Mitgestaltung, Mitbestimmung und Mitverantwortung<\/li>\n\n\n\n<li>F\u00f6rderung zur Bef\u00e4higung der Selbstbestimmung sowie der eigenverantwortlichen und gelingenden Lebensf\u00fchrung<\/li>\n\n\n\n<li>Aktivierung von Ressourcen und Selbsthilfepotentialen<\/li>\n\n\n\n<li>F\u00f6rderung von M\u00f6glichkeiten zur Entfaltung der eigenen Pers\u00f6nlichkeit (Erlangen von sozialen Kompetenzen wie Konfliktf\u00e4higkeit, Ausdrucksf\u00e4higkeit, Teamf\u00e4higkeit, Verantwortungsf\u00e4higkeit)<\/li>\n\n\n\n<li>Regelm\u00e4\u00dfige Angebote zur Bereicherung des jugendkulturellen Lebens<\/li>\n<\/ul>\n\n\n","protected":false},"excerpt":{"rendered":"<p>Kontaktdaten: Name:&nbsp;Gordon Bothur \u2013 BA Soziale Arbeit E-Mail:&nbsp;G.Bothur@AWO-Jugendwerk-LSA.de Telefon:&nbsp;0157 31145488 B\u00fcroadresse:&nbsp;Magdeburger Stra\u00dfe 4a, 39288 Burg Sprechzeiten:&nbsp;Nach Vereinbarung Tr\u00e4gerschaft:&nbsp;Landesjugendwerk der AWO Sachsen-Anhalt e.V., Sch\u00f6nebecker Stra\u00dfe 82-84, 39104 Magdeburg &nbsp; P\u00e4dagogische Grunds\u00e4tze Arbeitsschwerpunkte: Stra\u00dfenpr\u00e4senz Einzelfallhilfe Gruppenangebote Zielgruppen: Jugendliche und junge Erwachsene im Alter zwischen 14-27 Jahren Zielstellung:&nbsp;<\/p>\n","protected":false},"author":15,"featured_media":0,"parent":0,"menu_order":0,"comment_status":"closed","ping_status":"closed","template":"","meta":{"_EventAllDay":false,"_EventTimezone":"","_EventStartDate":"","_EventEndDate":"","_EventStartDateUTC":"","_EventEndDateUTC":"","_EventShowMap":false,"_EventShowMapLink":false,"_EventURL":"","_EventCost":"","_EventCostDescription":"","_EventCurrencySymbol":"","_EventCurrencyCode":"","_EventCurrencyPosition":"","_EventDateTimeSeparator":"","_EventTimeRangeSeparator":"","_EventOrganizerID":[],"_EventVenueID":[],"_OrganizerEmail":"","_OrganizerPhone":"","_OrganizerWebsite":"","_VenueAddress":"","_VenueCity":"","_VenueCountry":"","_VenueProvince":"","_VenueState":"","_VenueZip":"","_VenuePhone":"","_VenueURL":"","_VenueStateProvince":"","_VenueLat":"","_VenueLng":"","_VenueShowMap":false,"_VenueShowMapLink":false,"footnotes":""},"class_list":["post-7818","page","type-page","status-publish","hentry"],"_links":{"self":[{"href":"https:\/\/www.awo-jugendwerk-lsa.de\/awowp\/wp-json\/wp\/v2\/pages\/7818","targetHints":{"allow":["GET"]}}],"collection":[{"href":"https:\/\/www.awo-jugendwerk-lsa.de\/awowp\/wp-json\/wp\/v2\/pages"}],"about":[{"href":"https:\/\/www.awo-jugendwerk-lsa.de\/awowp\/wp-json\/wp\/v2\/types\/page"}],"author":[{"embeddable":true,"href":"https:\/\/www.awo-jugendwerk-lsa.de\/awowp\/wp-json\/wp\/v2\/users\/15"}],"replies":[{"embeddable":true,"href":"https:\/\/www.awo-jugendwerk-lsa.de\/awowp\/wp-json\/wp\/v2\/comments?post=7818"}],"version-history":[{"count":4,"href":"https:\/\/www.awo-jugendwerk-lsa.de\/awowp\/wp-json\/wp\/v2\/pages\/7818\/revisions"}],"predecessor-version":[{"id":7864,"href":"https:\/\/www.awo-jugendwerk-lsa.de\/awowp\/wp-json\/wp\/v2\/pages\/7818\/revisions\/7864"}],"wp:attachment":[{"href":"https:\/\/www.awo-jugendwerk-lsa.de\/awowp\/wp-json\/wp\/v2\/media?parent=7818"}],"curies":[{"name":"wp","href":"https:\/\/api.w.org\/{rel}","templated":true}]}}