{"id":7563,"date":"2024-11-04T13:05:34","date_gmt":"2024-11-04T12:05:34","guid":{"rendered":"https:\/\/www.awo-jugendwerk-lsa.de\/awowp\/?page_id=7563"},"modified":"2024-11-18T10:13:57","modified_gmt":"2024-11-18T09:13:57","slug":"hegel-gymnasium-magdeburg","status":"publish","type":"page","link":"https:\/\/www.awo-jugendwerk-lsa.de\/awowp\/hegel-gymnasium-magdeburg\/","title":{"rendered":"Hegel-Gymnasium Magdeburg"},"content":{"rendered":"\n<h6>Adresse: Gei\u00dflerstra\u00dfe 4, 39104 Magdeburg<\/h6>\n\n\n\n<div class=\"wp-block-media-text is-stacked-on-mobile\" style=\"grid-template-columns:24% auto\"><figure class=\"wp-block-media-text__media\"><img loading=\"lazy\" decoding=\"async\" width=\"1024\" height=\"1024\" src=\"https:\/\/www.awo-jugendwerk-lsa.de\/awowp\/wp-content\/uploads\/2024\/11\/Justus-1024x1024.jpg\" alt=\"\" class=\"wp-image-7671 size-full\" srcset=\"https:\/\/www.awo-jugendwerk-lsa.de\/awowp\/wp-content\/uploads\/2024\/11\/Justus-1024x1024.jpg 1024w, https:\/\/www.awo-jugendwerk-lsa.de\/awowp\/wp-content\/uploads\/2024\/11\/Justus-300x300.jpg 300w, https:\/\/www.awo-jugendwerk-lsa.de\/awowp\/wp-content\/uploads\/2024\/11\/Justus-150x150.jpg 150w, https:\/\/www.awo-jugendwerk-lsa.de\/awowp\/wp-content\/uploads\/2024\/11\/Justus-768x768.jpg 768w, https:\/\/www.awo-jugendwerk-lsa.de\/awowp\/wp-content\/uploads\/2024\/11\/Justus-24x24.jpg 24w, https:\/\/www.awo-jugendwerk-lsa.de\/awowp\/wp-content\/uploads\/2024\/11\/Justus-36x36.jpg 36w, https:\/\/www.awo-jugendwerk-lsa.de\/awowp\/wp-content\/uploads\/2024\/11\/Justus-48x48.jpg 48w, https:\/\/www.awo-jugendwerk-lsa.de\/awowp\/wp-content\/uploads\/2024\/11\/Justus.jpg 1080w\" sizes=\"auto, (max-width: 1024px) 100vw, 1024px\" \/><\/figure><div class=\"wp-block-media-text__content\">\n<p><strong>Schulsozialarbeiter: Justus Stefaniak<\/strong><\/p>\n\n\n\n<h6 class=\"wp-block-heading\">Telefon: 0157-50 69 39 13<\/h6>\n\n\n\n<h6 class=\"wp-block-heading\">E-Mail: J.Stefaniak@AWO-Jugendwerk-LSA.de<\/h6>\n<p>\u00a0<\/p>\n<\/div><\/div>\n\n\n\n<p>Das <a href=\"https:\/\/www.hegel-gymnasium.de\/\">Hegel-Gymnasium<\/a> in Magdeburg ist eine traditionsreiche Bildungseinrichtung, die ihren Sch\u00fclerinnen eine anspruchsvolle und vielf\u00e4ltige Ausbildung bietet. Benannt nach dem Philosophen Georg Wilhelm Friedrich Hegel, legt die Schule gro\u00dfen Wert auf eine ganzheitliche Bildung, die sowohl wissenschaftliche als auch k\u00fcnstlerische und soziale Kompetenzen f\u00f6rdert. Neben dem breiten Bildungsangebot bietet das Gymnasium eine Vielzahl von Besonderheiten, die auf die individuellen Interessen und St\u00e4rken der Sch\u00fclerinnen abgestimmt sind. Ein wesentlicher Schwerpunkt liegt dabei auf der Sprachbildung. Auch im Bereich Naturwissenschaften und Mathematik wird eine gezielte F\u00f6rderung geboten. Spezielle Kurse und Arbeitsgemeinschaften in den MINT-F\u00e4chern (Mathematik, Informatik, Naturwissenschaften, Technik) unterst\u00fctzen Sch\u00fclerinnen dabei, ihre Interessen in diesen zukunftstr\u00e4chtigen Bereichen zu vertiefen. Die k\u00fcnstlerische Bildung kommt ebenfalls nicht zu kurz. Mit Angeboten in Kunst, Theater und Musik werden kreative Talente gef\u00f6rdert, zum Beispiel durch ein Schulorchester, Theatergruppen und regelm\u00e4\u00dfige Kunstprojekte. F\u00fcr sportbegeisterte Sch\u00fcler*innen gibt es zudem zahlreiche AGs, Sportfeste und Wettk\u00e4mpfe, die die M\u00f6glichkeit bieten, sich k\u00f6rperlich zu bet\u00e4tigen und Teamgeist zu entwickeln.<\/p>\n<p>Die Schulsozialarbeit am Hegel-Gymnasium \u00fcbernimmt folgende Aufgaben:<\/p>\n<ul>\n<li><strong>Beratung und Unterst\u00fctzung<\/strong> f\u00fcr Sch\u00fcler*innen bei pers\u00f6nlichen, famili\u00e4ren und schulischen Problemen<\/li>\n<li><strong>Einzel- und Gruppengespr\u00e4che<\/strong> zur pers\u00f6nlichen und sozialen F\u00f6rderung<\/li>\n<li><strong>Beratung von Eltern und Lehrkr\u00e4ften<\/strong> bei schulischen und erzieherischen Fragen<\/li>\n<li><strong>Krisenintervention<\/strong> bei Konflikten oder akuten Problemen<\/li>\n<li><strong>Pr\u00e4ventionsprojekte<\/strong> zu Themen wie Mobbing, soziale Kompetenz, Stressbew\u00e4ltigung und Medienkompetenz<\/li>\n<li><strong>F\u00f6rderung des sozialen Miteinanders<\/strong> durch Projekte wie Klassenrat und Mediation<\/li>\n<li><strong>Vermittlung an externe Unterst\u00fctzungsangebote<\/strong> bei Bedarf<\/li>\n<li><strong>Organisation von Workshops und Gruppenangeboten<\/strong> zur St\u00e4rkung der Klassengemeinschaft und Pers\u00f6nlichkeitsentwicklung<\/li>\n<\/ul>\n\n\n\n<div style=\"height:36px\" aria-hidden=\"true\" class=\"wp-block-spacer\"><\/div>\n\n\n\n<p>Die Schulsozialarbeit am Hegel-Gymnasium Magdeburg wird finanziert durch das Land Sachsen-Anhalt , die Stadt Magdeburg und den Europ\u00e4ischen Sozialfonds (ESF).<\/p>\n\n\n<div class=\"wp-block-image\">\n<figure class=\"aligncenter size-full\"><a href=\"https:\/\/www.awo-jugendwerk-lsa.de\/awowp\/wp-content\/uploads\/2024\/11\/Logo_ESF_SA_MD-2.png\" rel=\"lightbox[7563]\"><img loading=\"lazy\" decoding=\"async\" width=\"947\" height=\"111\" src=\"https:\/\/www.awo-jugendwerk-lsa.de\/awowp\/wp-content\/uploads\/2024\/11\/Logo_ESF_SA_MD-2.png\" alt=\"\" class=\"wp-image-7643\" srcset=\"https:\/\/www.awo-jugendwerk-lsa.de\/awowp\/wp-content\/uploads\/2024\/11\/Logo_ESF_SA_MD-2.png 947w, https:\/\/www.awo-jugendwerk-lsa.de\/awowp\/wp-content\/uploads\/2024\/11\/Logo_ESF_SA_MD-2-300x35.png 300w, https:\/\/www.awo-jugendwerk-lsa.de\/awowp\/wp-content\/uploads\/2024\/11\/Logo_ESF_SA_MD-2-768x90.png 768w, https:\/\/www.awo-jugendwerk-lsa.de\/awowp\/wp-content\/uploads\/2024\/11\/Logo_ESF_SA_MD-2-24x3.png 24w, https:\/\/www.awo-jugendwerk-lsa.de\/awowp\/wp-content\/uploads\/2024\/11\/Logo_ESF_SA_MD-2-36x4.png 36w, https:\/\/www.awo-jugendwerk-lsa.de\/awowp\/wp-content\/uploads\/2024\/11\/Logo_ESF_SA_MD-2-48x6.png 48w\" sizes=\"auto, (max-width: 947px) 100vw, 947px\" \/><\/a><\/figure>\n<\/div>","protected":false},"excerpt":{"rendered":"<p>Adresse: Gei\u00dflerstra\u00dfe 4, 39104 Magdeburg Das Hegel-Gymnasium in Magdeburg ist eine traditionsreiche Bildungseinrichtung, die ihren Sch\u00fclerinnen eine anspruchsvolle und vielf\u00e4ltige Ausbildung bietet. Benannt nach dem Philosophen Georg Wilhelm Friedrich Hegel, legt die Schule gro\u00dfen Wert auf eine ganzheitliche Bildung, die sowohl wissenschaftliche als auch k\u00fcnstlerische und soziale Kompetenzen f\u00f6rdert. Neben dem breiten Bildungsangebot bietet das <a class=\"more-link\" href=\"https:\/\/www.awo-jugendwerk-lsa.de\/awowp\/hegel-gymnasium-magdeburg\/\">weiterlesen&#8230;<\/a><\/p>\n","protected":false},"author":30,"featured_media":0,"parent":0,"menu_order":0,"comment_status":"closed","ping_status":"closed","template":"","meta":{"_EventAllDay":false,"_EventTimezone":"","_EventStartDate":"","_EventEndDate":"","_EventStartDateUTC":"","_EventEndDateUTC":"","_EventShowMap":false,"_EventShowMapLink":false,"_EventURL":"","_EventCost":"","_EventCostDescription":"","_EventCurrencySymbol":"","_EventCurrencyCode":"","_EventCurrencyPosition":"","_EventDateTimeSeparator":"","_EventTimeRangeSeparator":"","_EventOrganizerID":[],"_EventVenueID":[],"_OrganizerEmail":"","_OrganizerPhone":"","_OrganizerWebsite":"","_VenueAddress":"","_VenueCity":"","_VenueCountry":"","_VenueProvince":"","_VenueState":"","_VenueZip":"","_VenuePhone":"","_VenueURL":"","_VenueStateProvince":"","_VenueLat":"","_VenueLng":"","_VenueShowMap":false,"_VenueShowMapLink":false,"footnotes":""},"class_list":["post-7563","page","type-page","status-publish","hentry"],"_links":{"self":[{"href":"https:\/\/www.awo-jugendwerk-lsa.de\/awowp\/wp-json\/wp\/v2\/pages\/7563","targetHints":{"allow":["GET"]}}],"collection":[{"href":"https:\/\/www.awo-jugendwerk-lsa.de\/awowp\/wp-json\/wp\/v2\/pages"}],"about":[{"href":"https:\/\/www.awo-jugendwerk-lsa.de\/awowp\/wp-json\/wp\/v2\/types\/page"}],"author":[{"embeddable":true,"href":"https:\/\/www.awo-jugendwerk-lsa.de\/awowp\/wp-json\/wp\/v2\/users\/30"}],"replies":[{"embeddable":true,"href":"https:\/\/www.awo-jugendwerk-lsa.de\/awowp\/wp-json\/wp\/v2\/comments?post=7563"}],"version-history":[{"count":4,"href":"https:\/\/www.awo-jugendwerk-lsa.de\/awowp\/wp-json\/wp\/v2\/pages\/7563\/revisions"}],"predecessor-version":[{"id":7673,"href":"https:\/\/www.awo-jugendwerk-lsa.de\/awowp\/wp-json\/wp\/v2\/pages\/7563\/revisions\/7673"}],"wp:attachment":[{"href":"https:\/\/www.awo-jugendwerk-lsa.de\/awowp\/wp-json\/wp\/v2\/media?parent=7563"}],"curies":[{"name":"wp","href":"https:\/\/api.w.org\/{rel}","templated":true}]}}