{"id":683,"date":"2010-08-20T07:55:26","date_gmt":"2010-08-20T06:55:26","guid":{"rendered":"http:\/\/www.awo-jugendwerk-lsa.de\/awowp\/?page_id=683"},"modified":"2012-05-04T14:17:39","modified_gmt":"2012-05-04T13:17:39","slug":"seminarraum","status":"publish","type":"page","link":"https:\/\/www.awo-jugendwerk-lsa.de\/awowp\/miet-mich\/seminarraum\/","title":{"rendered":"Seminarraum"},"content":{"rendered":"<p style=\"text-align: justify;\"><span style=\"font-family: Futura Bk BT,sans-serif;\">In unserer Gesch\u00e4ftsstelle stehen zwei helle und gut ausgestattete Seminarr\u00e4ume f\u00fcr Tagungen, Seminare oder Workshops zur Verf\u00fcgung. Diese k\u00f6nnen gemietet werden!<\/span><\/p>\n<p><span style=\"font-family: Futura Bk BT,sans-serif;\"><span style=\"color: #ec4e3b;\"><strong>Der gro\u00dfe Seminarraum <\/strong><\/span>(43 qm) bietet Platz f\u00fcr ca. 20 Personen und verf\u00fcgt \u00fcber:<\/span><\/p>\n<ul>\n<li><span style=\"font-family: Futura Bk BT,sans-serif;\">Seminartechnik \t(Moderationsausstattung, Flipchart, Whiteboard, Stellw\u00e4nde, \tSoundanlage)<\/span><\/li>\n<li><span style=\"font-family: Futura Bk BT,sans-serif;\">Bestuhlung \tf\u00fcr mind. 20 Personen (wenn notwendig k\u00f6nnen entsprechende Tische \tgestellt werden)<\/span><\/li>\n<\/ul>\n<p>&nbsp;<\/p>\n<p><span style=\"font-family: Futura Bk BT,sans-serif;\"><span style=\"color: #ec4e3b;\"><strong>Der kleine Seminarraum <\/strong><\/span>(33qm) bietet Platz f\u00fcr ca. 12 Personen und verf\u00fcgt \u00fcber:<\/span><\/p>\n<ul>\n<li><span style=\"font-family: Futura Bk BT,sans-serif;\">Seminartechnik \t(Moderationsausstattung, Flipchart, Stellw\u00e4nde)<\/span><\/li>\n<li><span style=\"font-family: Futura Bk BT,sans-serif;\">Bestuhlung \tf\u00fcr mind. 12 Personen (wenn notwendig k\u00f6nnen entsprechende Tische \tgestellt werden)<\/span><\/li>\n<\/ul>\n<p><a href=\"https:\/\/www.awo-jugendwerk-lsa.de\/awowp\/wp-content\/uploads\/2010\/08\/IMG_5651-e1336132062859.jpg\" rel=\"lightbox[683]\"><img loading=\"lazy\" decoding=\"async\" class=\"alignnone size-medium wp-image-1638\" style=\"margin: 20px; vertical-align: bottom;\" title=\"IMG_5651\" src=\"https:\/\/www.awo-jugendwerk-lsa.de\/awowp\/wp-content\/uploads\/2010\/08\/IMG_5651-300x200.jpg\" alt=\"gro\u00dfer Seinarraum mit Stuhlkreis\" width=\"180\" height=\"120\" \/><\/a><a href=\"https:\/\/www.awo-jugendwerk-lsa.de\/awowp\/wp-content\/uploads\/2010\/08\/IMG_56541.jpg\" rel=\"lightbox[683]\"><img loading=\"lazy\" decoding=\"async\" class=\"alignnone size-medium wp-image-1640\" style=\"margin: 20px; vertical-align: text-bottom;\" title=\"IMG_5654\" src=\"https:\/\/www.awo-jugendwerk-lsa.de\/awowp\/wp-content\/uploads\/2010\/08\/IMG_56541-300x200.jpg\" alt=\"\" width=\"180\" height=\"120\" srcset=\"https:\/\/www.awo-jugendwerk-lsa.de\/awowp\/wp-content\/uploads\/2010\/08\/IMG_56541-300x200.jpg 300w, https:\/\/www.awo-jugendwerk-lsa.de\/awowp\/wp-content\/uploads\/2010\/08\/IMG_56541-1024x683.jpg 1024w\" sizes=\"auto, (max-width: 180px) 100vw, 180px\" \/><\/a><\/p>\n<p style=\"text-align: justify;\"><a href=\"https:\/\/www.awo-jugendwerk-lsa.de\/awowp\/wp-content\/uploads\/2010\/08\/IMG_5671.jpg\" rel=\"lightbox[683]\"><img loading=\"lazy\" decoding=\"async\" class=\"alignnone size-medium wp-image-1642\" style=\"margin: 20px; vertical-align: bottom;\" title=\"IMG_5671\" src=\"https:\/\/www.awo-jugendwerk-lsa.de\/awowp\/wp-content\/uploads\/2010\/08\/IMG_5671-300x200.jpg\" alt=\"\" width=\"180\" height=\"120\" srcset=\"https:\/\/www.awo-jugendwerk-lsa.de\/awowp\/wp-content\/uploads\/2010\/08\/IMG_5671-300x200.jpg 300w, https:\/\/www.awo-jugendwerk-lsa.de\/awowp\/wp-content\/uploads\/2010\/08\/IMG_5671-1024x683.jpg 1024w\" sizes=\"auto, (max-width: 180px) 100vw, 180px\" \/><\/a><a href=\"https:\/\/www.awo-jugendwerk-lsa.de\/awowp\/wp-content\/uploads\/2010\/08\/IMG_5665.jpg\" rel=\"lightbox[683]\"><img loading=\"lazy\" decoding=\"async\" class=\"alignnone size-medium wp-image-1641\" style=\"margin: 20px; vertical-align: text-bottom;\" title=\"IMG_5665\" src=\"https:\/\/www.awo-jugendwerk-lsa.de\/awowp\/wp-content\/uploads\/2010\/08\/IMG_5665-200x300.jpg\" alt=\"\" width=\"120\" height=\"180\" srcset=\"https:\/\/www.awo-jugendwerk-lsa.de\/awowp\/wp-content\/uploads\/2010\/08\/IMG_5665-200x300.jpg 200w, https:\/\/www.awo-jugendwerk-lsa.de\/awowp\/wp-content\/uploads\/2010\/08\/IMG_5665-683x1024.jpg 683w, https:\/\/www.awo-jugendwerk-lsa.de\/awowp\/wp-content\/uploads\/2010\/08\/IMG_5665.jpg 1880w\" sizes=\"auto, (max-width: 120px) 100vw, 120px\" \/><\/a><\/p>\n<p style=\"text-align: justify;\">&nbsp;<\/p>\n<p style=\"text-align: justify;\">&nbsp;<\/p>\n<p style=\"text-align: justify;\">&nbsp;<\/p>\n<p style=\"text-align: justify;\">&nbsp;<\/p>\n<p style=\"text-align: justify;\">&nbsp;<\/p>\n<p style=\"text-align: justify;\">&nbsp;<\/p>\n<p style=\"text-align: justify;\">&nbsp;<\/p>\n<p style=\"text-align: justify;\">&nbsp;<\/p>\n<p style=\"text-align: justify;\">&nbsp;<\/p>\n<p style=\"text-align: justify;\">&nbsp;<\/p>\n<p style=\"text-align: justify;\">&nbsp;<\/p>\n<p style=\"text-align: justify;\"><span style=\"font-family: Futura Bk BT,sans-serif;\">Die Seminarr\u00e4ume sind einzeln oder auch zusammen zu mieten. Es besteht die M\u00f6glichkeit zur Selbstverpflegung. Weitere Seminartechnik wie z.B. Beamer, Leinwand, Overheadprojektor oder zus\u00e4tzliche Lautsprecher kann ausgeliehen werden.<\/span><\/p>\n<p>&nbsp;<\/p>\n<p style=\"text-align: justify;\"><span style=\"font-family: Futura Bk BT,sans-serif;\">F\u00fcr Preis- sowie weitere Informationen und Buchungen stehen wir Ihnen gern in unserer Verwaltung unter der Telefonnummer <strong>0391 \/ 40 82 457<\/strong> zur Verf\u00fcgung.<\/span><\/p>\n","protected":false},"excerpt":{"rendered":"<p>In unserer Gesch\u00e4ftsstelle stehen zwei helle und gut ausgestattete Seminarr\u00e4ume f\u00fcr Tagungen, Seminare oder Workshops zur Verf\u00fcgung. Diese k\u00f6nnen gemietet werden! Der gro\u00dfe Seminarraum (43 qm) bietet Platz f\u00fcr ca. 20 Personen und verf\u00fcgt \u00fcber: Seminartechnik (Moderationsausstattung, Flipchart, Whiteboard, Stellw\u00e4nde, Soundanlage) Bestuhlung f\u00fcr mind. 20 Personen (wenn notwendig k\u00f6nnen entsprechende Tische gestellt werden) &nbsp; Der <a class=\"more-link\" href=\"https:\/\/www.awo-jugendwerk-lsa.de\/awowp\/miet-mich\/seminarraum\/\">weiterlesen&#8230;<\/a><\/p>\n","protected":false},"author":2,"featured_media":0,"parent":678,"menu_order":0,"comment_status":"open","ping_status":"open","template":"","meta":{"_EventAllDay":false,"_EventTimezone":"","_EventStartDate":"","_EventEndDate":"","_EventStartDateUTC":"","_EventEndDateUTC":"","_EventShowMap":false,"_EventShowMapLink":false,"_EventURL":"","_EventCost":"","_EventCostDescription":"","_EventCurrencySymbol":"","_EventCurrencyCode":"","_EventCurrencyPosition":"","_EventDateTimeSeparator":"","_EventTimeRangeSeparator":"","_EventOrganizerID":[],"_EventVenueID":[],"_OrganizerEmail":"","_OrganizerPhone":"","_OrganizerWebsite":"","_VenueAddress":"","_VenueCity":"","_VenueCountry":"","_VenueProvince":"","_VenueState":"","_VenueZip":"","_VenuePhone":"","_VenueURL":"","_VenueStateProvince":"","_VenueLat":"","_VenueLng":"","_VenueShowMap":false,"_VenueShowMapLink":false,"footnotes":""},"class_list":["post-683","page","type-page","status-publish","hentry"],"_links":{"self":[{"href":"https:\/\/www.awo-jugendwerk-lsa.de\/awowp\/wp-json\/wp\/v2\/pages\/683","targetHints":{"allow":["GET"]}}],"collection":[{"href":"https:\/\/www.awo-jugendwerk-lsa.de\/awowp\/wp-json\/wp\/v2\/pages"}],"about":[{"href":"https:\/\/www.awo-jugendwerk-lsa.de\/awowp\/wp-json\/wp\/v2\/types\/page"}],"author":[{"embeddable":true,"href":"https:\/\/www.awo-jugendwerk-lsa.de\/awowp\/wp-json\/wp\/v2\/users\/2"}],"replies":[{"embeddable":true,"href":"https:\/\/www.awo-jugendwerk-lsa.de\/awowp\/wp-json\/wp\/v2\/comments?post=683"}],"version-history":[{"count":5,"href":"https:\/\/www.awo-jugendwerk-lsa.de\/awowp\/wp-json\/wp\/v2\/pages\/683\/revisions"}],"predecessor-version":[{"id":685,"href":"https:\/\/www.awo-jugendwerk-lsa.de\/awowp\/wp-json\/wp\/v2\/pages\/683\/revisions\/685"}],"up":[{"embeddable":true,"href":"https:\/\/www.awo-jugendwerk-lsa.de\/awowp\/wp-json\/wp\/v2\/pages\/678"}],"wp:attachment":[{"href":"https:\/\/www.awo-jugendwerk-lsa.de\/awowp\/wp-json\/wp\/v2\/media?parent=683"}],"curies":[{"name":"wp","href":"https:\/\/api.w.org\/{rel}","templated":true}]}}