{"id":675,"date":"2010-08-20T07:34:07","date_gmt":"2010-08-20T06:34:07","guid":{"rendered":"http:\/\/www.awo-jugendwerk-lsa.de\/awowp\/?page_id=675"},"modified":"2019-02-19T12:35:04","modified_gmt":"2019-02-19T11:35:04","slug":"springburg","status":"publish","type":"page","link":"https:\/\/www.awo-jugendwerk-lsa.de\/awowp\/miet-mich\/springburg\/","title":{"rendered":"H\u00fcpfburg"},"content":{"rendered":"<p><!-- \t\t@page { margin: 2cm } \t\tP { margin-bottom: 0.21cm } --><\/p>\n<p><a href=\"https:\/\/www.awo-jugendwerk-lsa.de\/awowp\/wp-content\/uploads\/2010\/08\/CIMG7799.jpg\" rel=\"lightbox[675]\"><img loading=\"lazy\" decoding=\"async\" class=\"alignleft size-medium wp-image-696\" style=\"border: 0pt none; margin-top: 0px; margin-bottom: 0px;\" title=\"springburg\" src=\"https:\/\/www.awo-jugendwerk-lsa.de\/awowp\/wp-content\/uploads\/2010\/08\/CIMG7799-225x300.jpg\" alt=\"\" width=\"230\" height=\"300\" \/><\/a><\/p>\n<p><strong>H\u00fcpfburg \u201eSeer\u00e4uber\u201c<\/strong><\/p>\n<p lang=\"de-DE\">Unsere H\u00fcpfburg vermieten wir auch gern auf Anfrage.<\/p>\n<p lang=\"de-DE\">Ma\u00dfe: 4 x 6 m<\/p>\n<p lang=\"de-DE\">Dazu geh\u00f6ren ein Gebl\u00e4se mit \u00fcblichem Stromanschluss sowie eine Unterlegplane<\/p>\n<p lang=\"de-DE\">Der Aufbau ist relativ unkompliziert.<\/p>\n<p lang=\"de-DE\">Die H\u00fcpfburg muss vom Mieter in unserer Gesch\u00e4ftsstelle selbst abgeholt werden. Buchungskonditionen und Mietpreis werden in gemeinsamer Absprache vereinbart.<\/p>\n<p lang=\"de-DE\">\n<p lang=\"de-DE\" style=\"text-align: right;\">Bei Interesse und f\u00fcr weitere Ausk\u00fcnfte erreichen Sie uns unter 0391-40 82 90 90<br \/>\noder per Mail unter Bildung(at)AWO-Jugendwerk-LSA.de.<\/p>\n<p lang=\"de-DE\" style=\"text-align: left;\"><a href=\"https:\/\/www.awo-jugendwerk-lsa.de\/awowp\/wp-content\/uploads\/2010\/08\/CIMG7867.jpg\" rel=\"lightbox[675]\"><img loading=\"lazy\" decoding=\"async\" class=\"size-medium wp-image-697 alignright\" title=\"springburgaction\" src=\"https:\/\/www.awo-jugendwerk-lsa.de\/awowp\/wp-content\/uploads\/2010\/08\/CIMG7867-300x225.jpg\" alt=\"\" width=\"278\" height=\"208\" srcset=\"https:\/\/www.awo-jugendwerk-lsa.de\/awowp\/wp-content\/uploads\/2010\/08\/CIMG7867-300x225.jpg 300w, https:\/\/www.awo-jugendwerk-lsa.de\/awowp\/wp-content\/uploads\/2010\/08\/CIMG7867.jpg 640w\" sizes=\"auto, (max-width: 278px) 100vw, 278px\" \/><\/a><\/p>\n<p lang=\"de-DE\" style=\"text-align: left;\">\n<p lang=\"de-DE\" style=\"text-align: left;\"><span style=\"color: #000000;\"><span style=\"font-family: Futura Bk BT,sans-serif;\"><span style=\"font-size: small;\">\u00a0<\/span><\/span><\/span><\/p>\n","protected":false},"excerpt":{"rendered":"<p>H\u00fcpfburg \u201eSeer\u00e4uber\u201c Unsere H\u00fcpfburg vermieten wir auch gern auf Anfrage. Ma\u00dfe: 4 x 6 m Dazu geh\u00f6ren ein Gebl\u00e4se mit \u00fcblichem Stromanschluss sowie eine Unterlegplane Der Aufbau ist relativ unkompliziert. Die H\u00fcpfburg muss vom Mieter in unserer Gesch\u00e4ftsstelle selbst abgeholt werden. Buchungskonditionen und Mietpreis werden in gemeinsamer Absprache vereinbart. Bei Interesse und f\u00fcr weitere Ausk\u00fcnfte <a class=\"more-link\" href=\"https:\/\/www.awo-jugendwerk-lsa.de\/awowp\/miet-mich\/springburg\/\">weiterlesen&#8230;<\/a><\/p>\n","protected":false},"author":2,"featured_media":0,"parent":678,"menu_order":0,"comment_status":"open","ping_status":"open","template":"","meta":{"_EventAllDay":false,"_EventTimezone":"","_EventStartDate":"","_EventEndDate":"","_EventStartDateUTC":"","_EventEndDateUTC":"","_EventShowMap":false,"_EventShowMapLink":false,"_EventURL":"","_EventCost":"","_EventCostDescription":"","_EventCurrencySymbol":"","_EventCurrencyCode":"","_EventCurrencyPosition":"","_EventDateTimeSeparator":"","_EventTimeRangeSeparator":"","_EventOrganizerID":[],"_EventVenueID":[],"_OrganizerEmail":"","_OrganizerPhone":"","_OrganizerWebsite":"","_VenueAddress":"","_VenueCity":"","_VenueCountry":"","_VenueProvince":"","_VenueState":"","_VenueZip":"","_VenuePhone":"","_VenueURL":"","_VenueStateProvince":"","_VenueLat":"","_VenueLng":"","_VenueShowMap":false,"_VenueShowMapLink":false,"footnotes":""},"class_list":["post-675","page","type-page","status-publish","hentry"],"_links":{"self":[{"href":"https:\/\/www.awo-jugendwerk-lsa.de\/awowp\/wp-json\/wp\/v2\/pages\/675","targetHints":{"allow":["GET"]}}],"collection":[{"href":"https:\/\/www.awo-jugendwerk-lsa.de\/awowp\/wp-json\/wp\/v2\/pages"}],"about":[{"href":"https:\/\/www.awo-jugendwerk-lsa.de\/awowp\/wp-json\/wp\/v2\/types\/page"}],"author":[{"embeddable":true,"href":"https:\/\/www.awo-jugendwerk-lsa.de\/awowp\/wp-json\/wp\/v2\/users\/2"}],"replies":[{"embeddable":true,"href":"https:\/\/www.awo-jugendwerk-lsa.de\/awowp\/wp-json\/wp\/v2\/comments?post=675"}],"version-history":[{"count":5,"href":"https:\/\/www.awo-jugendwerk-lsa.de\/awowp\/wp-json\/wp\/v2\/pages\/675\/revisions"}],"predecessor-version":[{"id":5473,"href":"https:\/\/www.awo-jugendwerk-lsa.de\/awowp\/wp-json\/wp\/v2\/pages\/675\/revisions\/5473"}],"up":[{"embeddable":true,"href":"https:\/\/www.awo-jugendwerk-lsa.de\/awowp\/wp-json\/wp\/v2\/pages\/678"}],"wp:attachment":[{"href":"https:\/\/www.awo-jugendwerk-lsa.de\/awowp\/wp-json\/wp\/v2\/media?parent=675"}],"curies":[{"name":"wp","href":"https:\/\/api.w.org\/{rel}","templated":true}]}}

Hüpfburg

<p><!-- 		@page { margin: 2cm } 		P { margin-bottom: 0.21cm } --></p>
<p><a href="https://www.awo-jugendwerk-lsa.de/awowp/wp-content/uploads/2010/08/CIMG7799.jpg" rel="lightbox[675]"><img loading="lazy" decoding="async" class="alignleft size-medium wp-image-696" style="border: 0pt none; margin-top: 0px; margin-bottom: 0px;" title="springburg" src="https://www.awo-jugendwerk-lsa.de/awowp/wp-content/uploads/2010/08/CIMG7799-225x300.jpg" alt="" width="230" height="300" /></a></p>
<p><strong>Hüpfburg „Seeräuber“</strong></p>
<p lang="de-DE">Unsere Hüpfburg vermieten wir auch gern auf Anfrage.</p>
<p lang="de-DE">Maße: 4 x 6 m</p>
<p lang="de-DE">Dazu gehören ein Gebläse mit üblichem Stromanschluss sowie eine Unterlegplane</p>
<p lang="de-DE">Der Aufbau ist relativ unkompliziert.</p>
<p lang="de-DE">Die Hüpfburg muss vom Mieter in unserer Geschäftsstelle selbst abgeholt werden. Buchungskonditionen und Mietpreis werden in gemeinsamer Absprache vereinbart.</p>
<p lang="de-DE">
<p lang="de-DE" style="text-align: right;">Bei Interesse und für weitere Auskünfte erreichen Sie uns unter 0391-40 82 90 90<br />
oder per Mail unter Bildung(at)AWO-Jugendwerk-LSA.de.</p>
<p lang="de-DE" style="text-align: left;"><a href="https://www.awo-jugendwerk-lsa.de/awowp/wp-content/uploads/2010/08/CIMG7867.jpg" rel="lightbox[675]"><img loading="lazy" decoding="async" class="size-medium wp-image-697 alignright" title="springburgaction" src="https://www.awo-jugendwerk-lsa.de/awowp/wp-content/uploads/2010/08/CIMG7867-300x225.jpg" alt="" width="278" height="208" srcset="https://www.awo-jugendwerk-lsa.de/awowp/wp-content/uploads/2010/08/CIMG7867-300x225.jpg 300w, https://www.awo-jugendwerk-lsa.de/awowp/wp-content/uploads/2010/08/CIMG7867.jpg 640w" sizes="auto, (max-width: 278px) 100vw, 278px" /></a></p>
<p lang="de-DE" style="text-align: left;">
<p lang="de-DE" style="text-align: left;"><span style="color: #000000;"><span style="font-family: Futura Bk BT,sans-serif;"><span style="font-size: small;"> </span></span></span></p>

<p>Hüpfburg „Seeräuber“ Unsere Hüpfburg vermieten wir auch gern auf Anfrage. Maße: 4 x 6 m Dazu gehören ein Gebläse mit üblichem Stromanschluss sowie eine Unterlegplane Der Aufbau ist relativ unkompliziert. Die Hüpfburg muss vom Mieter in unserer Geschäftsstelle selbst abgeholt werden. Buchungskonditionen und Mietpreis werden in gemeinsamer Absprache vereinbart. Bei Interesse und für weitere Auskünfte <a class="more-link" href="https://www.awo-jugendwerk-lsa.de/awowp/miet-mich/springburg/">weiterlesen&#8230;</a></p>
