{"id":6140,"date":"2021-01-22T11:06:09","date_gmt":"2021-01-22T10:06:09","guid":{"rendered":"https:\/\/www.awo-jugendwerk-lsa.de\/awowp\/?page_id=6140"},"modified":"2024-06-24T14:45:35","modified_gmt":"2024-06-24T13:45:35","slug":"integrative-kita-fliederhof-1","status":"publish","type":"page","link":"https:\/\/www.awo-jugendwerk-lsa.de\/awowp\/kita-sozialarbeit\/integrative-kita-fliederhof-1\/","title":{"rendered":"Integrative Kita Fliederhof 1"},"content":{"rendered":"\n<div>\n<h4>Kita-Sozialarbeiterin:\u00a0\u00a0\u00a0\u00a0\u00a0\u00a0\u00a0\u00a0\u00a0 Friederike Sasse (Elternzeitvertretung f\u00fcr Sabine Ebeling)<\/h4>\n<h4>Telefon:\u00a0\u00a0\u00a0\u00a0\u00a0\u00a0\u00a0\u00a0\u00a0\u00a0\u00a0\u00a0\u00a0\u00a0\u00a0\u00a0\u00a0\u00a0\u00a0\u00a0\u00a0\u00a0\u00a0\u00a0\u00a0\u00a0\u00a0\u00a0\u00a0\u00a0\u00a0\u00a0\u00a0\u00a0 01520 &#8211; 32 70 608<\/h4>\n<h4>E-Mail:\u00a0\u00a0\u00a0\u00a0\u00a0\u00a0\u00a0\u00a0\u00a0\u00a0\u00a0\u00a0\u00a0\u00a0\u00a0\u00a0\u00a0\u00a0\u00a0\u00a0\u00a0\u00a0\u00a0\u00a0\u00a0\u00a0\u00a0\u00a0\u00a0\u00a0\u00a0\u00a0\u00a0\u00a0\u00a0\u00a0 F.Sasse@AWO-Jugendwerk-LSA.de<\/h4>\n<\/div>\n<div>\u00a0<\/div>\n<div><a href=\"https:\/\/padlet.com\/LJW_AWO\/i-kita-fliederhof-i-1ispu0bkltz0r576\" target=\"_blank\" rel=\"noopener\"><strong>&#8212;&gt; Hier geht es zum Padlet der Kita und Kita-Sozialarbeit<\/strong><\/a><\/div>\n<div>\u00a0<\/div>\n<div class=\"default-style\">Die Integrative Kindertagesst\u00e4tte &#8222;Fliederhof I&#8220; der Independent Living Stiftung \u00f6ffnet ihre T\u00fcren derzeit im sch\u00f6nen Stadtteil Stadtfeld Ost. Planm\u00e4\u00dfig soll der R\u00fcckzug nach Olvenstedt Ende 2022 nach Umbau der Einrichtung stattfinden. Die Kita hat 158 Pl\u00e4tze f\u00fcr Kinder von 0 bis 6 Jahren, davon 30 Integrativpl\u00e4tze zur Verf\u00fcgung. Sie verfolgt ein &#8222;offenes Konzept&#8220;, d. h. dass die Partizipation mit Kindern als Chance zu verstehen ist, einen Teil der Gestaltungs- und Entscheidungsmacht abzugeben. Hierzu z\u00e4hlt unter anderem die Bereitschaft Kinder ernst zu nehmen und sie wirklich zu beteiligen.\u00a0<\/div>\n<div class=\"default-style\">\u00a0<\/div>\n<div class=\"default-style\">Die Kita-Sozialarbeiterin dieser Integrativen Kita unterst\u00fctzt, ber\u00e4t und vermittelt die Familien der Kinder durch aktive Netzwerkarbeit. Dadurch k\u00f6nnen u.a. Bildungsbenachteiligungen vermieden oder abgebaut werden. Dar\u00fcber hinaus arbeitet sie im Rahmen gezielter Angebote mit Eltern und dem Fachpersonal der Kita eng zusammen. Gemeinsam k\u00f6nnen dadurch themenspezifische Projekte und Angebote initiiert werden, die die Kinder in ihrer Bildung, Sprache und Bewegung f\u00f6rdern und fordern sollen.<\/div>\n<div class=\"default-style\">\u00a0<\/div>\n<div class=\"default-style\"><a href=\"https:\/\/www.independentliving.de\/il-kita-s-a\/einrichtungen\" target=\"_blank\" rel=\"noopener noreferrer\" data-wplink-edit=\"true\">Homepage der Kita<\/a><\/div>\n","protected":false},"excerpt":{"rendered":"<p>Kita-Sozialarbeiterin:\u00a0\u00a0\u00a0\u00a0\u00a0\u00a0\u00a0\u00a0\u00a0 Friederike Sasse (Elternzeitvertretung f\u00fcr Sabine Ebeling) Telefon:\u00a0\u00a0\u00a0\u00a0\u00a0\u00a0\u00a0\u00a0\u00a0\u00a0\u00a0\u00a0\u00a0\u00a0\u00a0\u00a0\u00a0\u00a0\u00a0\u00a0\u00a0\u00a0\u00a0\u00a0\u00a0\u00a0\u00a0\u00a0\u00a0\u00a0\u00a0\u00a0\u00a0\u00a0 01520 &#8211; 32 70 608 E-Mail:\u00a0\u00a0\u00a0\u00a0\u00a0\u00a0\u00a0\u00a0\u00a0\u00a0\u00a0\u00a0\u00a0\u00a0\u00a0\u00a0\u00a0\u00a0\u00a0\u00a0\u00a0\u00a0\u00a0\u00a0\u00a0\u00a0\u00a0\u00a0\u00a0\u00a0\u00a0\u00a0\u00a0\u00a0\u00a0\u00a0 F.Sasse@AWO-Jugendwerk-LSA.de \u00a0 &#8212;&gt; Hier geht es zum Padlet der Kita und Kita-Sozialarbeit \u00a0 Die Integrative Kindertagesst\u00e4tte &#8222;Fliederhof I&#8220; der Independent Living Stiftung \u00f6ffnet ihre T\u00fcren derzeit im sch\u00f6nen Stadtteil Stadtfeld Ost. Planm\u00e4\u00dfig soll der R\u00fcckzug nach Olvenstedt Ende 2022 nach Umbau <a class=\"more-link\" href=\"https:\/\/www.awo-jugendwerk-lsa.de\/awowp\/kita-sozialarbeit\/integrative-kita-fliederhof-1\/\">weiterlesen&#8230;<\/a><\/p>\n","protected":false},"author":18,"featured_media":0,"parent":5720,"menu_order":0,"comment_status":"closed","ping_status":"closed","template":"","meta":{"_EventAllDay":false,"_EventTimezone":"","_EventStartDate":"","_EventEndDate":"","_EventStartDateUTC":"","_EventEndDateUTC":"","_EventShowMap":false,"_EventShowMapLink":false,"_EventURL":"","_EventCost":"","_EventCostDescription":"","_EventCurrencySymbol":"","_EventCurrencyCode":"","_EventCurrencyPosition":"","_EventDateTimeSeparator":"","_EventTimeRangeSeparator":"","_EventOrganizerID":[],"_EventVenueID":[],"_OrganizerEmail":"","_OrganizerPhone":"","_OrganizerWebsite":"","_VenueAddress":"","_VenueCity":"","_VenueCountry":"","_VenueProvince":"","_VenueState":"","_VenueZip":"","_VenuePhone":"","_VenueURL":"","_VenueStateProvince":"","_VenueLat":"","_VenueLng":"","_VenueShowMap":false,"_VenueShowMapLink":false,"footnotes":""},"class_list":["post-6140","page","type-page","status-publish","hentry"],"_links":{"self":[{"href":"https:\/\/www.awo-jugendwerk-lsa.de\/awowp\/wp-json\/wp\/v2\/pages\/6140","targetHints":{"allow":["GET"]}}],"collection":[{"href":"https:\/\/www.awo-jugendwerk-lsa.de\/awowp\/wp-json\/wp\/v2\/pages"}],"about":[{"href":"https:\/\/www.awo-jugendwerk-lsa.de\/awowp\/wp-json\/wp\/v2\/types\/page"}],"author":[{"embeddable":true,"href":"https:\/\/www.awo-jugendwerk-lsa.de\/awowp\/wp-json\/wp\/v2\/users\/18"}],"replies":[{"embeddable":true,"href":"https:\/\/www.awo-jugendwerk-lsa.de\/awowp\/wp-json\/wp\/v2\/comments?post=6140"}],"version-history":[{"count":5,"href":"https:\/\/www.awo-jugendwerk-lsa.de\/awowp\/wp-json\/wp\/v2\/pages\/6140\/revisions"}],"predecessor-version":[{"id":7476,"href":"https:\/\/www.awo-jugendwerk-lsa.de\/awowp\/wp-json\/wp\/v2\/pages\/6140\/revisions\/7476"}],"up":[{"embeddable":true,"href":"https:\/\/www.awo-jugendwerk-lsa.de\/awowp\/wp-json\/wp\/v2\/pages\/5720"}],"wp:attachment":[{"href":"https:\/\/www.awo-jugendwerk-lsa.de\/awowp\/wp-json\/wp\/v2\/media?parent=6140"}],"curies":[{"name":"wp","href":"https:\/\/api.w.org\/{rel}","templated":true}]}}