{"id":6125,"date":"2021-01-20T16:40:35","date_gmt":"2021-01-20T15:40:35","guid":{"rendered":"https:\/\/www.awo-jugendwerk-lsa.de\/awowp\/?page_id=6125"},"modified":"2024-12-18T14:03:56","modified_gmt":"2024-12-18T13:03:56","slug":"jugendclub-greppin","status":"publish","type":"page","link":"https:\/\/www.awo-jugendwerk-lsa.de\/awowp\/jugendclub-greppin\/","title":{"rendered":"Jugendclub Greppin"},"content":{"rendered":"\n<figure class=\"wp-block-image size-large\"><a href=\"https:\/\/www.awo-jugendwerk-lsa.de\/awowp\/wp-content\/uploads\/2021\/04\/Aussenansicht-vorn-scaled.jpg\" rel=\"lightbox[6125]\"><img loading=\"lazy\" decoding=\"async\" width=\"1024\" height=\"459\" src=\"https:\/\/www.awo-jugendwerk-lsa.de\/awowp\/wp-content\/uploads\/2021\/04\/Aussenansicht-vorn-1024x459.jpg\" alt=\"\" class=\"wp-image-6244\" srcset=\"https:\/\/www.awo-jugendwerk-lsa.de\/awowp\/wp-content\/uploads\/2021\/04\/Aussenansicht-vorn-1024x459.jpg 1024w, https:\/\/www.awo-jugendwerk-lsa.de\/awowp\/wp-content\/uploads\/2021\/04\/Aussenansicht-vorn-300x135.jpg 300w, https:\/\/www.awo-jugendwerk-lsa.de\/awowp\/wp-content\/uploads\/2021\/04\/Aussenansicht-vorn-768x344.jpg 768w, https:\/\/www.awo-jugendwerk-lsa.de\/awowp\/wp-content\/uploads\/2021\/04\/Aussenansicht-vorn-1536x689.jpg 1536w, https:\/\/www.awo-jugendwerk-lsa.de\/awowp\/wp-content\/uploads\/2021\/04\/Aussenansicht-vorn-2048x918.jpg 2048w\" sizes=\"auto, (max-width: 1024px) 100vw, 1024px\" \/><\/a><\/figure>\n\n\n\n<p>Unser Kinder- und Jugendfreizeittreff Greppin befindet sich im gleichnamigen Ortsteil der Stadt Bitterfeld-Wolfen. Eingebettet in den zentralen Festplatz des Ortes, befindet sich die Einrichtung unweit der \u00f6rtlichen Grundschule und direkt neben dem Sportplatz, auf dem mehrere Vereine ans\u00e4ssig und aktiv sind. Etwa 20 bis 30 Kinder und Jugendliche aus verschiedenen Altersgruppen besuchen werktags in der Zeit von 14.00 bis 20.00 Uhr sowie aller 14 Tage samstags den Freizeittreff und nehmen an den unterschiedlichen Freizeitangeboten teil.<\/p>\n<p>Der Club besteht aus 4 gro\u00dfz\u00fcgig angelegten R\u00e4umen, die reichlich Platz bieten (Gesellschafts- und Veranstaltungsraum, Kreativ- und Hausaufgabenzimmer, Billard- und Dartraum sowie ein Musikzimmer). Ferner befinden sich in der Einrichtung eine Leseecke, ein Chillbereich, eine Bar, eine K\u00fcche, ein B\u00fcro, ein Aufbewahrungsraum sowie ein Sanit\u00e4rtrakt. Die Au\u00dfenanlage, bestehend aus einer gro\u00dffl\u00e4chigen Terrasse und dem Clubgarten, l\u00e4dt vor allem im Sommer zum Verweilen und Toben ein.<\/p>\n<p>Unter dem Gesichtspunkt der Differenziertheit der Interessen von Kindern und Jugendlichen sind die Angebote f\u00fcr die verschiedenen Zielgruppen durch Vielf\u00e4ltigkeit gekennzeichnet. Durch die offene Jugendarbeit mit geringer Verbindlichkeit sowie auf der Basis der Freiwilligkeit und Ungezwungenheit wird auf die W\u00fcnsche und Bed\u00fcrfnisse der Kinder und Jugendlichen eingegangen.<\/p>\n<p>Der Kinder- und Jugendfreizeittreff pflegt eine intensive Zusammenarbeit mit den Institutionen und Vereinen des Ortes, wie beispielsweise dem Ortschaftsrat, dem Heimatverein oder dem Sportverein. Spezielle Projekte sowie gemeinn\u00fctzige Aktionen sorgen daf\u00fcr, dass der Greppiner Jugendclub innerhalb der Stadt Bitterfeld-Wolfen und auch dar\u00fcber hinaus besondere Wertsch\u00e4tzung erf\u00e4hrt. Exemplarisch seien hier der Empfang des Friedenslichtes aus Bethlehem, der Dreh eines eigenen Image-Videos sowie die j\u00e4hrliche Teilnahme an der bundesweiten Aktion \u201eWeihnachten im Schuhkarton\u201c genannt.<\/p>\n<p>P\u00e4dagogische Leitung: Tobias K\u00f6ppe<br \/>Kontakt: T.Koeppe@AWO-Jugendwerk-LSA.de<\/p>\n<p>\u00a0<\/p>\n\n\n","protected":false},"excerpt":{"rendered":"<p>Unser Kinder- und Jugendfreizeittreff Greppin befindet sich im gleichnamigen Ortsteil der Stadt Bitterfeld-Wolfen. Eingebettet in den zentralen Festplatz des Ortes, befindet sich die Einrichtung unweit der \u00f6rtlichen Grundschule und direkt neben dem Sportplatz, auf dem mehrere Vereine ans\u00e4ssig und aktiv sind. Etwa 20 bis 30 Kinder und Jugendliche aus verschiedenen Altersgruppen besuchen werktags in der <a class=\"more-link\" href=\"https:\/\/www.awo-jugendwerk-lsa.de\/awowp\/jugendclub-greppin\/\">weiterlesen&#8230;<\/a><\/p>\n","protected":false},"author":2,"featured_media":0,"parent":0,"menu_order":4,"comment_status":"closed","ping_status":"closed","template":"","meta":{"_EventAllDay":false,"_EventTimezone":"","_EventStartDate":"","_EventEndDate":"","_EventStartDateUTC":"","_EventEndDateUTC":"","_EventShowMap":false,"_EventShowMapLink":false,"_EventURL":"","_EventCost":"","_EventCostDescription":"","_EventCurrencySymbol":"","_EventCurrencyCode":"","_EventCurrencyPosition":"","_EventDateTimeSeparator":"","_EventTimeRangeSeparator":"","_EventOrganizerID":[],"_EventVenueID":[],"_OrganizerEmail":"","_OrganizerPhone":"","_OrganizerWebsite":"","_VenueAddress":"","_VenueCity":"","_VenueCountry":"","_VenueProvince":"","_VenueState":"","_VenueZip":"","_VenuePhone":"","_VenueURL":"","_VenueStateProvince":"","_VenueLat":"","_VenueLng":"","_VenueShowMap":false,"_VenueShowMapLink":false,"footnotes":""},"class_list":["post-6125","page","type-page","status-publish","hentry"],"_links":{"self":[{"href":"https:\/\/www.awo-jugendwerk-lsa.de\/awowp\/wp-json\/wp\/v2\/pages\/6125","targetHints":{"allow":["GET"]}}],"collection":[{"href":"https:\/\/www.awo-jugendwerk-lsa.de\/awowp\/wp-json\/wp\/v2\/pages"}],"about":[{"href":"https:\/\/www.awo-jugendwerk-lsa.de\/awowp\/wp-json\/wp\/v2\/types\/page"}],"author":[{"embeddable":true,"href":"https:\/\/www.awo-jugendwerk-lsa.de\/awowp\/wp-json\/wp\/v2\/users\/2"}],"replies":[{"embeddable":true,"href":"https:\/\/www.awo-jugendwerk-lsa.de\/awowp\/wp-json\/wp\/v2\/comments?post=6125"}],"version-history":[{"count":5,"href":"https:\/\/www.awo-jugendwerk-lsa.de\/awowp\/wp-json\/wp\/v2\/pages\/6125\/revisions"}],"predecessor-version":[{"id":7700,"href":"https:\/\/www.awo-jugendwerk-lsa.de\/awowp\/wp-json\/wp\/v2\/pages\/6125\/revisions\/7700"}],"wp:attachment":[{"href":"https:\/\/www.awo-jugendwerk-lsa.de\/awowp\/wp-json\/wp\/v2\/media?parent=6125"}],"curies":[{"name":"wp","href":"https:\/\/api.w.org\/{rel}","templated":true}]}}