{"id":5884,"date":"2020-04-03T13:16:00","date_gmt":"2020-04-03T12:16:00","guid":{"rendered":"https:\/\/www.awo-jugendwerk-lsa.de\/awowp\/?page_id=5884"},"modified":"2024-06-24T15:04:52","modified_gmt":"2024-06-24T14:04:52","slug":"kita-kuschelbaeren","status":"publish","type":"page","link":"https:\/\/www.awo-jugendwerk-lsa.de\/awowp\/kita-sozialarbeit\/kita-kuschelbaeren\/","title":{"rendered":"Kita Farbklecks"},"content":{"rendered":"\n<h4>Kita-Sozialarbeiterin:\u00a0\u00a0\u00a0\u00a0\u00a0\u00a0 Christin Gr\u00fcning<\/h4>\n<h4>Telefon:\u00a0\u00a0\u00a0\u00a0\u00a0\u00a0\u00a0\u00a0\u00a0\u00a0\u00a0\u00a0\u00a0\u00a0\u00a0\u00a0\u00a0\u00a0\u00a0\u00a0\u00a0\u00a0\u00a0\u00a0\u00a0\u00a0\u00a0\u00a0\u00a0\u00a0\u00a0 01520-58 700 68<\/h4>\n<h4>E-Mail:\u00a0\u00a0\u00a0\u00a0\u00a0\u00a0\u00a0\u00a0\u00a0\u00a0\u00a0\u00a0\u00a0\u00a0\u00a0\u00a0\u00a0\u00a0\u00a0\u00a0\u00a0\u00a0\u00a0\u00a0\u00a0\u00a0\u00a0\u00a0\u00a0\u00a0\u00a0\u00a0\u00a0 C.Gruening@AWO-Jugendwerk-LSA.de<\/h4>\n<p><br \/>Die Kita \u201eFarbklecks\u201c liegt mitten in Magdeburg im Stadtteil Stadtfeld. Tr\u00e4ger ist die KITAWO gGmbH, eine Tochter des AWO Kreisverbandes Magdeburg e.V., welche insgesamt 6 Kindertagesst\u00e4tten und 4 Horte in Magdeburg betreibt.<\/p>\n<p>Grunds\u00e4tze der p\u00e4dagogischen Arbeit bilden konzeptionell der situative Grundsatz, sowie Solidarit\u00e4t, Toleranz, Freiheit, Gleichheit und Gerechtigkeit als verpflichtende Grundwerte des Personals \u2013 die Wurzeln der AWO. Die Kita arbeitet zudem nach der Grundlage des Bildungsprogramms \u201eBildung elementar \u2013 Bildung von Anfang an\u201c. Es ist der Anspruch aller Erzieher*innen, die Kinder bei\u00a0ihrer individuellen, altersgerechten und allumfassenden Entwicklung zu unterst\u00fctzen und zu f\u00f6rdern.<\/p>\n<p>Die Einrichtung beteiligt sich aktiv am \u201cBundesprogramm <em>Sprach-Kitas: Weil Sprache der Schl\u00fcssel zur Welt ist<\/em>\u201c. Die interkulturelle Arbeit entwickelt sich derzeit zus\u00e4tzlich zu einem konzeptionellen Schwerpunkt f\u00fcr die p\u00e4dagogische Arbeit der Erzieher*innen.<\/p>\n<p>Die Kita betreut derzeit ca. 160 Kinder im Alter von 2 Jahren bis zum Schuleintritt, welche auf 5 Gruppen aufgeteilt sind.<\/p>\n<p>Seit Januar 2020 ist die Kita-Sozialarbeit in die Kita \u201eFarbklecks\u201c integriert. Die daraus entstehenden Angebote richten sich insbesondere an die Eltern, in Form von familienunterst\u00fctzender, lebensweltorientierter (Eltern-)Arbeit, dienen jedoch auch der Verbesserung der Sicherstellung von Bildung und Teilhabe, der St\u00e4rkung der Kinderbeteiligung und des Auf- und Ausbaus von Netzwerken. Sie sollen somit vor allem eine m\u00f6glichst positive Bildungsbiografie der Kinder erm\u00f6glichen.<\/p>\n","protected":false},"excerpt":{"rendered":"<p>Kita-Sozialarbeiterin:\u00a0\u00a0\u00a0\u00a0\u00a0\u00a0 Christin Gr\u00fcning Telefon:\u00a0\u00a0\u00a0\u00a0\u00a0\u00a0\u00a0\u00a0\u00a0\u00a0\u00a0\u00a0\u00a0\u00a0\u00a0\u00a0\u00a0\u00a0\u00a0\u00a0\u00a0\u00a0\u00a0\u00a0\u00a0\u00a0\u00a0\u00a0\u00a0\u00a0\u00a0 01520-58 700 68 E-Mail:\u00a0\u00a0\u00a0\u00a0\u00a0\u00a0\u00a0\u00a0\u00a0\u00a0\u00a0\u00a0\u00a0\u00a0\u00a0\u00a0\u00a0\u00a0\u00a0\u00a0\u00a0\u00a0\u00a0\u00a0\u00a0\u00a0\u00a0\u00a0\u00a0\u00a0\u00a0\u00a0\u00a0 C.Gruening@AWO-Jugendwerk-LSA.de Die Kita \u201eFarbklecks\u201c liegt mitten in Magdeburg im Stadtteil Stadtfeld. Tr\u00e4ger ist die KITAWO gGmbH, eine Tochter des AWO Kreisverbandes Magdeburg e.V., welche insgesamt 6 Kindertagesst\u00e4tten und 4 Horte in Magdeburg betreibt. Grunds\u00e4tze der p\u00e4dagogischen Arbeit bilden konzeptionell der situative Grundsatz, sowie Solidarit\u00e4t, Toleranz, Freiheit, Gleichheit <a class=\"more-link\" href=\"https:\/\/www.awo-jugendwerk-lsa.de\/awowp\/kita-sozialarbeit\/kita-kuschelbaeren\/\">weiterlesen&#8230;<\/a><\/p>\n","protected":false},"author":18,"featured_media":0,"parent":5720,"menu_order":0,"comment_status":"closed","ping_status":"closed","template":"","meta":{"_EventAllDay":false,"_EventTimezone":"","_EventStartDate":"","_EventEndDate":"","_EventStartDateUTC":"","_EventEndDateUTC":"","_EventShowMap":false,"_EventShowMapLink":false,"_EventURL":"","_EventCost":"","_EventCostDescription":"","_EventCurrencySymbol":"","_EventCurrencyCode":"","_EventCurrencyPosition":"","_EventDateTimeSeparator":"","_EventTimeRangeSeparator":"","_EventOrganizerID":[],"_EventVenueID":[],"_OrganizerEmail":"","_OrganizerPhone":"","_OrganizerWebsite":"","_VenueAddress":"","_VenueCity":"","_VenueCountry":"","_VenueProvince":"","_VenueState":"","_VenueZip":"","_VenuePhone":"","_VenueURL":"","_VenueStateProvince":"","_VenueLat":"","_VenueLng":"","_VenueShowMap":false,"_VenueShowMapLink":false,"footnotes":""},"class_list":["post-5884","page","type-page","status-publish","hentry"],"_links":{"self":[{"href":"https:\/\/www.awo-jugendwerk-lsa.de\/awowp\/wp-json\/wp\/v2\/pages\/5884","targetHints":{"allow":["GET"]}}],"collection":[{"href":"https:\/\/www.awo-jugendwerk-lsa.de\/awowp\/wp-json\/wp\/v2\/pages"}],"about":[{"href":"https:\/\/www.awo-jugendwerk-lsa.de\/awowp\/wp-json\/wp\/v2\/types\/page"}],"author":[{"embeddable":true,"href":"https:\/\/www.awo-jugendwerk-lsa.de\/awowp\/wp-json\/wp\/v2\/users\/18"}],"replies":[{"embeddable":true,"href":"https:\/\/www.awo-jugendwerk-lsa.de\/awowp\/wp-json\/wp\/v2\/comments?post=5884"}],"version-history":[{"count":5,"href":"https:\/\/www.awo-jugendwerk-lsa.de\/awowp\/wp-json\/wp\/v2\/pages\/5884\/revisions"}],"predecessor-version":[{"id":7493,"href":"https:\/\/www.awo-jugendwerk-lsa.de\/awowp\/wp-json\/wp\/v2\/pages\/5884\/revisions\/7493"}],"up":[{"embeddable":true,"href":"https:\/\/www.awo-jugendwerk-lsa.de\/awowp\/wp-json\/wp\/v2\/pages\/5720"}],"wp:attachment":[{"href":"https:\/\/www.awo-jugendwerk-lsa.de\/awowp\/wp-json\/wp\/v2\/media?parent=5884"}],"curies":[{"name":"wp","href":"https:\/\/api.w.org\/{rel}","templated":true}]}}