{"id":323,"date":"2010-03-03T11:55:56","date_gmt":"2010-03-03T10:55:56","guid":{"rendered":"http:\/\/www.awo-jugendwerk-sachsen-anhalt.de\/awowp\/?page_id=323"},"modified":"2025-04-09T14:01:24","modified_gmt":"2025-04-09T13:01:24","slug":"bewerben","status":"publish","type":"page","link":"https:\/\/www.awo-jugendwerk-lsa.de\/awowp\/fsj\/bewerben\/","title":{"rendered":"Bewerben (FSJ \/ BFD)"},"content":{"rendered":"<p style=\"text-align: justify;\">Du kannst dich bei unserer Koordinationsstelle ab Anfang des jeweiligen Jahres f\u00fcr einen Freiwilligendienst bewerben. Benutze daf\u00fcr bitte unseren Bewerbungsbogen:<\/p>\n<p lang=\"de-DE\"><a href=\"https:\/\/www.awo-jugendwerk-lsa.de\/awowp\/wp-content\/uploads\/2025\/04\/Bewerbungsbogen_fuellbar.pdf\">Bewerbungsbogen als pdf<\/a><\/p>\n<p lang=\"de-DE\">&#8230; und f\u00fcge diesem folgende Unterlagen bei:<\/p>\n<ul>\n<li>\n<p lang=\"de-DE\">tabellarischer Lebenslauf<\/p>\n<\/li>\n<li>\n<p lang=\"de-DE\">ggf. Zeugnis(se) und ggf. Praktika-\/ Arbeitszeugnisse<\/p>\n<\/li>\n<\/ul>\n<p lang=\"de-DE\" style=\"text-align: justify;\"><strong>Bei Bewerbungen per Mail: <\/strong>Bitte schicke uns den ausgef\u00fcllten Bewerbungsbogen, deine eingescannten Zeugnisse und Nachweise am besten im PDF-Format als eine Datei und nicht gr\u00f6\u00dfer als 5 MB an unsere Adresse:<\/p>\n<p lang=\"de-DE\" style=\"text-align: justify;\"><a href=\"mailto:freiwillig@awo-jugendwerk-lsa.de\">Freiwillig [at] AWO-Jugendwerk-LSA.de<\/a><\/p>\n<p style=\"text-align: justify;\"><strong>Bei Bewerbungen per Post: <\/strong>Bitte hefte deine Unterlagen nur mit einer B\u00fcroklammer zusammen, benutze <strong><span style=\"text-decoration: underline;\">KEINE<\/span><\/strong> Hefter, Mappen, Einsteckh\u00fcllen o.\u00e4. Wenn du deine Unterlagen am Ende des Bewerbungsverfahrens wieder haben m\u00f6chtest, dann leg bitte einen an dich adressierten und entsprechend frankierten R\u00fcckumschlag bei.<\/p>\n<p lang=\"de-DE\" style=\"text-align: justify;\"><strong>Der Ablauf des Bewerbungsverfahrens: <\/strong><\/p>\n<p lang=\"de-DE\" style=\"text-align: justify;\">Der Vermittlungszeitraum beginnt im Fr\u00fchjahr des jeweiligen Jahres. Wir versuchen, eine f\u00fcr dich passende Einsatzstelle zu finden, indem wir deine Bewerbung zumeist an mehrere unserer zugelassenen Einsatzstellen weiterleiten. Diese sichten deine Unterlagen und werden sich dann bei dir melden und dich zu einem Gespr\u00e4ch oder Hospitationstagen einladen.<\/p>\n<p lang=\"de-DE\" style=\"text-align: justify;\">Du kannst jederzeit in unserer Gesch\u00e4ftsstelle den Stand deines Bewerbungsverfahrens erfragen.<\/p>\n<p lang=\"de-DE\" style=\"text-align: justify;\">Nach einem erfolgreichen Bewerbungsgespr\u00e4ch wird deine Einsatzstelle mit dir und uns eine Teilnahmevereinbarung \u00fcber ein FSJ oder einen BFD abschlie\u00dfen.<\/p>\n<p lang=\"de-DE\"><strong>Die Alternative: Bewerbung direkt in der Einsatzstelle<\/strong><\/p>\n<p lang=\"de-DE\" style=\"text-align: justify;\">Es ist auch m\u00f6glich, dass du dich bei uns \u00fcber die jeweiligen Einsatzstellen in deiner Umgebung informierst und dich dann direkt in der Einsatzstelle bewirbst.<\/p>\n","protected":false},"excerpt":{"rendered":"<p>Du kannst dich bei unserer Koordinationsstelle ab Anfang des jeweiligen Jahres f\u00fcr einen Freiwilligendienst bewerben. Benutze daf\u00fcr bitte unseren Bewerbungsbogen: Bewerbungsbogen als pdf &#8230; und f\u00fcge diesem folgende Unterlagen bei: tabellarischer Lebenslauf ggf. Zeugnis(se) und ggf. Praktika-\/ Arbeitszeugnisse Bei Bewerbungen per Mail: Bitte schicke uns den ausgef\u00fcllten Bewerbungsbogen, deine eingescannten Zeugnisse und Nachweise am besten <a class=\"more-link\" href=\"https:\/\/www.awo-jugendwerk-lsa.de\/awowp\/fsj\/bewerben\/\">weiterlesen&#8230;<\/a><\/p>\n","protected":false},"author":2,"featured_media":6776,"parent":110,"menu_order":4,"comment_status":"open","ping_status":"closed","template":"","meta":{"_EventAllDay":false,"_EventTimezone":"","_EventStartDate":"","_EventEndDate":"","_EventStartDateUTC":"","_EventEndDateUTC":"","_EventShowMap":false,"_EventShowMapLink":false,"_EventURL":"","_EventCost":"","_EventCostDescription":"","_EventCurrencySymbol":"","_EventCurrencyCode":"","_EventCurrencyPosition":"","_EventDateTimeSeparator":"","_EventTimeRangeSeparator":"","_EventOrganizerID":[],"_EventVenueID":[],"_OrganizerEmail":"","_OrganizerPhone":"","_OrganizerWebsite":"","_VenueAddress":"","_VenueCity":"","_VenueCountry":"","_VenueProvince":"","_VenueState":"","_VenueZip":"","_VenuePhone":"","_VenueURL":"","_VenueStateProvince":"","_VenueLat":"","_VenueLng":"","_VenueShowMap":false,"_VenueShowMapLink":false,"footnotes":""},"class_list":["post-323","page","type-page","status-publish","has-post-thumbnail","hentry"],"_links":{"self":[{"href":"https:\/\/www.awo-jugendwerk-lsa.de\/awowp\/wp-json\/wp\/v2\/pages\/323","targetHints":{"allow":["GET"]}}],"collection":[{"href":"https:\/\/www.awo-jugendwerk-lsa.de\/awowp\/wp-json\/wp\/v2\/pages"}],"about":[{"href":"https:\/\/www.awo-jugendwerk-lsa.de\/awowp\/wp-json\/wp\/v2\/types\/page"}],"author":[{"embeddable":true,"href":"https:\/\/www.awo-jugendwerk-lsa.de\/awowp\/wp-json\/wp\/v2\/users\/2"}],"replies":[{"embeddable":true,"href":"https:\/\/www.awo-jugendwerk-lsa.de\/awowp\/wp-json\/wp\/v2\/comments?post=323"}],"version-history":[{"count":4,"href":"https:\/\/www.awo-jugendwerk-lsa.de\/awowp\/wp-json\/wp\/v2\/pages\/323\/revisions"}],"predecessor-version":[{"id":7892,"href":"https:\/\/www.awo-jugendwerk-lsa.de\/awowp\/wp-json\/wp\/v2\/pages\/323\/revisions\/7892"}],"up":[{"embeddable":true,"href":"https:\/\/www.awo-jugendwerk-lsa.de\/awowp\/wp-json\/wp\/v2\/pages\/110"}],"wp:featuredmedia":[{"embeddable":true,"href":"https:\/\/www.awo-jugendwerk-lsa.de\/awowp\/wp-json\/wp\/v2\/media\/6776"}],"wp:attachment":[{"href":"https:\/\/www.awo-jugendwerk-lsa.de\/awowp\/wp-json\/wp\/v2\/media?parent=323"}],"curies":[{"name":"wp","href":"https:\/\/api.w.org\/{rel}","templated":true}]}}