{"id":2289,"date":"2012-12-15T15:33:30","date_gmt":"2012-12-15T14:33:30","guid":{"rendered":"http:\/\/www.awo-jugendwerk-lsa.de\/awowp\/?page_id=2289"},"modified":"2013-01-03T14:45:12","modified_gmt":"2013-01-03T13:45:12","slug":"das-jugendwerk-blockiert","status":"publish","type":"page","link":"https:\/\/www.awo-jugendwerk-lsa.de\/awowp\/kein-tag-fur-nazis\/das-jugendwerk-blockiert\/","title":{"rendered":"Das Jugendwerk blockiert!"},"content":{"rendered":"<p><strong><span style=\"font-size: small;\">Einladung an alle Jugendwerkler_innen, Freunde und Freundinnen<\/span><\/strong><\/p>\n<p><span style=\"font-size: large;\">Das Jugendwerk blockiert! Block Rock &#8211; Rock the Block<\/span><\/p>\n<p>Am 12. Januar sowie am 19. Januar 2013 wollen Neonazis zum wiederholten Mal durch Magdeburg marschieren. Im Gedenken an die Zerst\u00f6rung der Stadt Magdeburg am 16. Januar 1945 wollen sie diesen Tag nutzen, um ihren Geschichtsrevisionismus zu verbreiten. Das Negieren der deutschen Kriegsschuld sowie die Verbreitung neonazistischer und menschenverachtender Ideologien wollen und d\u00fcrfen wir nicht hinnehmen.<\/p>\n<p>Vor dem Hintergrund der Geschichte der AWO sehen auch wir uns als Jugendwerk verpflichtet, den Nazis entschieden entgegen zu treten. Deswegen laden wir euch ein nach Magdeburg zu kommen, um uns gemeinsam als Jugendwerk der AWO den Nazis in den Weg zustellen. Wir w\u00fcnschen uns, dass m\u00f6glichst viele Jugendwerkler_innen nach Magdeburg kommen, so dass wir 12. Januar 2013 als bundesweiter Jugendwerkler_innen &#8211; Block einen Teil dazu beitragen, das die Nazis nicht marschieren k\u00f6nnen.<br \/>\n<strong>Thats Why: BlockRock! Das Jugendwerk blockiert! <\/strong><br \/>\nF\u00fcr Anmeldungen oder konkrete Informationen k\u00f6nnt ihr uns gern anrufen oder uns eine E-Mail schreiben. F\u00fcr Menschen, die schon einen Tag vorher anreisen, sind Schlafpl\u00e4tze vorhanden. Informationen zu Busshuttles bzw. zur Busb\u00f6rse senden wir euch dann zu.<\/p>\n<p>Kontakt: 0391-40 82 90 90 oder 01577-189 47 90<br \/>\nBildung@AWO-Jugendwerk-LSA.de<\/p>\n<p><a href=\"https:\/\/www.awo-jugendwerk-lsa.de\/awowp\/wp-content\/uploads\/2012\/12\/Rechts-geht-gar-nicht.jpg\" rel=\"lightbox[2289]\"><img loading=\"lazy\" decoding=\"async\" class=\"alignleft size-medium wp-image-2294\" title=\"Rechts geht gar nicht\" src=\"https:\/\/www.awo-jugendwerk-lsa.de\/awowp\/wp-content\/uploads\/2012\/12\/Rechts-geht-gar-nicht-288x300.jpg\" alt=\"\" width=\"288\" height=\"300\" srcset=\"https:\/\/www.awo-jugendwerk-lsa.de\/awowp\/wp-content\/uploads\/2012\/12\/Rechts-geht-gar-nicht-288x300.jpg 288w, https:\/\/www.awo-jugendwerk-lsa.de\/awowp\/wp-content\/uploads\/2012\/12\/Rechts-geht-gar-nicht.jpg 722w\" sizes=\"auto, (max-width: 288px) 100vw, 288px\" \/><\/a> <a href=\"https:\/\/www.awo-jugendwerk-lsa.de\/awowp\/wp-content\/uploads\/2012\/12\/Jugendwerk-Aufruf-2013.pdf\" target=\"_parent\">Den Aufruf zum weiterleiten gibt es hier.<\/a><\/p>\n<p>&nbsp;<\/p>\n<p>&nbsp;<\/p>\n<p>&nbsp;<\/p>\n<p>&nbsp;<\/p>\n<p>&nbsp;<\/p>\n<p>&nbsp;<\/p>\n<p>&nbsp;<\/p>\n<p>&nbsp;<\/p>\n<p>&nbsp;<\/p>\n","protected":false},"excerpt":{"rendered":"<p>Einladung an alle Jugendwerkler_innen, Freunde und Freundinnen Das Jugendwerk blockiert! Block Rock &#8211; Rock the Block Am 12. Januar sowie am 19. Januar 2013 wollen Neonazis zum wiederholten Mal durch Magdeburg marschieren. Im Gedenken an die Zerst\u00f6rung der Stadt Magdeburg am 16. Januar 1945 wollen sie diesen Tag nutzen, um ihren Geschichtsrevisionismus zu verbreiten. Das <a class=\"more-link\" href=\"https:\/\/www.awo-jugendwerk-lsa.de\/awowp\/kein-tag-fur-nazis\/das-jugendwerk-blockiert\/\">weiterlesen&#8230;<\/a><\/p>\n","protected":false},"author":2,"featured_media":0,"parent":2420,"menu_order":0,"comment_status":"open","ping_status":"closed","template":"","meta":{"_EventAllDay":false,"_EventTimezone":"","_EventStartDate":"","_EventEndDate":"","_EventStartDateUTC":"","_EventEndDateUTC":"","_EventShowMap":false,"_EventShowMapLink":false,"_EventURL":"","_EventCost":"","_EventCostDescription":"","_EventCurrencySymbol":"","_EventCurrencyCode":"","_EventCurrencyPosition":"","_EventDateTimeSeparator":"","_EventTimeRangeSeparator":"","_EventOrganizerID":[],"_EventVenueID":[],"_OrganizerEmail":"","_OrganizerPhone":"","_OrganizerWebsite":"","_VenueAddress":"","_VenueCity":"","_VenueCountry":"","_VenueProvince":"","_VenueState":"","_VenueZip":"","_VenuePhone":"","_VenueURL":"","_VenueStateProvince":"","_VenueLat":"","_VenueLng":"","_VenueShowMap":false,"_VenueShowMapLink":false,"footnotes":""},"class_list":["post-2289","page","type-page","status-publish","hentry"],"_links":{"self":[{"href":"https:\/\/www.awo-jugendwerk-lsa.de\/awowp\/wp-json\/wp\/v2\/pages\/2289","targetHints":{"allow":["GET"]}}],"collection":[{"href":"https:\/\/www.awo-jugendwerk-lsa.de\/awowp\/wp-json\/wp\/v2\/pages"}],"about":[{"href":"https:\/\/www.awo-jugendwerk-lsa.de\/awowp\/wp-json\/wp\/v2\/types\/page"}],"author":[{"embeddable":true,"href":"https:\/\/www.awo-jugendwerk-lsa.de\/awowp\/wp-json\/wp\/v2\/users\/2"}],"replies":[{"embeddable":true,"href":"https:\/\/www.awo-jugendwerk-lsa.de\/awowp\/wp-json\/wp\/v2\/comments?post=2289"}],"version-history":[{"count":5,"href":"https:\/\/www.awo-jugendwerk-lsa.de\/awowp\/wp-json\/wp\/v2\/pages\/2289\/revisions"}],"predecessor-version":[{"id":2296,"href":"https:\/\/www.awo-jugendwerk-lsa.de\/awowp\/wp-json\/wp\/v2\/pages\/2289\/revisions\/2296"}],"up":[{"embeddable":true,"href":"https:\/\/www.awo-jugendwerk-lsa.de\/awowp\/wp-json\/wp\/v2\/pages\/2420"}],"wp:attachment":[{"href":"https:\/\/www.awo-jugendwerk-lsa.de\/awowp\/wp-json\/wp\/v2\/media?parent=2289"}],"curies":[{"name":"wp","href":"https:\/\/api.w.org\/{rel}","templated":true}]}}